Last updated on 2024-07-01 03:49:37 CEST.
Flavor | Version | Tinstall | Tcheck | Ttotal | Status | Flags |
---|---|---|---|---|---|---|
r-devel-linux-x86_64-debian-clang | 1.1.1 | 4.59 | 53.12 | 57.71 | NOTE | |
r-devel-linux-x86_64-debian-gcc | 1.1.1 | 5.07 | 39.58 | 44.65 | NOTE | |
r-devel-linux-x86_64-fedora-clang | 1.1.1 | 77.33 | NOTE | |||
r-devel-linux-x86_64-fedora-gcc | 1.1.1 | 84.46 | NOTE | |||
r-devel-windows-x86_64 | 1.1.1 | 7.00 | 58.00 | 65.00 | NOTE | |
r-patched-linux-x86_64 | 1.1.1 | 5.70 | 48.19 | 53.89 | NOTE | |
r-release-linux-x86_64 | 1.1.1 | 3.87 | 49.52 | 53.39 | NOTE | |
r-release-macos-arm64 | 1.1.1 | 30.00 | NOTE | |||
r-release-macos-x86_64 | 1.1.1 | 46.00 | NOTE | |||
r-release-windows-x86_64 | 1.1.1 | 8.00 | 58.00 | 66.00 | NOTE | |
r-oldrel-macos-arm64 | 1.1.1 | 29.00 | NOTE | |||
r-oldrel-macos-x86_64 | 1.1.1 | 48.00 | NOTE | |||
r-oldrel-windows-x86_64 | 1.1.1 | 7.00 | 63.00 | 70.00 | NOTE |
Version: 1.1.1
Check: LazyData
Result: NOTE
'LazyData' is specified without a 'data' directory
Flavors: r-devel-linux-x86_64-debian-clang, r-devel-linux-x86_64-debian-gcc, r-devel-linux-x86_64-fedora-clang, r-devel-linux-x86_64-fedora-gcc, r-devel-windows-x86_64, r-patched-linux-x86_64, r-release-linux-x86_64, r-release-macos-arm64, r-release-macos-x86_64, r-release-windows-x86_64, r-oldrel-macos-arm64, r-oldrel-macos-x86_64, r-oldrel-windows-x86_64
Version: 1.1.1
Check: dependencies in R code
Result: NOTE
Namespaces in Imports field not imported from:
‘qpdf’ ‘rlang’ ‘tibble’
All declared Imports should be used.
Flavors: r-devel-linux-x86_64-fedora-clang, r-devel-linux-x86_64-fedora-gcc