Last updated on 2024-07-01 03:49:37 CEST.
Flavor | Version | Tinstall | Tcheck | Ttotal | Status | Flags |
---|---|---|---|---|---|---|
r-devel-linux-x86_64-debian-clang | 0.2.1 | 6.87 | 112.63 | 119.50 | OK | |
r-devel-linux-x86_64-debian-gcc | 0.2.1 | 5.79 | 83.43 | 89.22 | OK | |
r-devel-linux-x86_64-fedora-clang | 0.2.1 | 159.58 | NOTE | |||
r-devel-linux-x86_64-fedora-gcc | 0.2.1 | 171.13 | NOTE | |||
r-devel-windows-x86_64 | 0.2.1 | 8.00 | 81.00 | 89.00 | OK | |
r-patched-linux-x86_64 | 0.2.1 | 6.44 | 111.61 | 118.05 | OK | |
r-release-linux-x86_64 | 0.2.1 | 6.07 | 111.60 | 117.67 | OK | |
r-release-macos-arm64 | 0.2.1 | 39.00 | OK | |||
r-release-macos-x86_64 | 0.2.1 | 59.00 | OK | |||
r-release-windows-x86_64 | 0.2.1 | 7.00 | 80.00 | 87.00 | OK | |
r-oldrel-macos-arm64 | 0.2.1 | 46.00 | OK | |||
r-oldrel-macos-x86_64 | 0.2.1 | 93.00 | OK | |||
r-oldrel-windows-x86_64 | 0.2.1 | 9.00 | 89.00 | 98.00 | OK |
Version: 0.2.1
Check: data for non-ASCII characters
Result: NOTE
Note: found 3 marked UTF-8 strings
Flavors: r-devel-linux-x86_64-fedora-clang, r-devel-linux-x86_64-fedora-gcc