Last updated on 2024-07-02 15:50:55 CEST.
Flavor | Version | Tinstall | Tcheck | Ttotal | Status | Flags |
---|---|---|---|---|---|---|
r-devel-linux-x86_64-debian-clang | 2.2-1 | 2.16 | 38.81 | 40.97 | NOTE | |
r-devel-linux-x86_64-debian-gcc | 2.2-1 | 2.41 | 30.56 | 32.97 | NOTE | |
r-devel-linux-x86_64-fedora-clang | 2.2-1 | 51.33 | NOTE | |||
r-devel-linux-x86_64-fedora-gcc | 2.2-1 | 50.09 | NOTE | |||
r-devel-windows-x86_64 | 2.2-1 | 5.00 | 58.00 | 63.00 | NOTE | |
r-patched-linux-x86_64 | 2.2-1 | 3.43 | 37.25 | 40.68 | NOTE | |
r-release-linux-x86_64 | 2.2-1 | 2.41 | 37.54 | 39.95 | NOTE | |
r-release-macos-arm64 | 2.2-1 | 24.00 | NOTE | |||
r-release-macos-x86_64 | 2.2-1 | 36.00 | NOTE | |||
r-release-windows-x86_64 | 2.2-1 | 5.00 | 58.00 | 63.00 | NOTE | |
r-oldrel-macos-arm64 | 2.2-1 | 28.00 | NOTE | |||
r-oldrel-macos-x86_64 | 2.2-1 | 34.00 | NOTE | |||
r-oldrel-windows-x86_64 | 2.2-1 | 5.00 | 60.00 | 65.00 | NOTE |
Version: 2.2-1
Check: DESCRIPTION meta-information
Result: NOTE
Malformed Description field: should contain one or more complete sentences.
Flavors: r-devel-linux-x86_64-debian-clang, r-devel-linux-x86_64-debian-gcc, r-devel-linux-x86_64-fedora-clang, r-devel-linux-x86_64-fedora-gcc, r-devel-windows-x86_64, r-patched-linux-x86_64, r-release-linux-x86_64, r-release-macos-arm64, r-release-macos-x86_64, r-release-windows-x86_64, r-oldrel-macos-arm64, r-oldrel-macos-x86_64, r-oldrel-windows-x86_64
Version: 2.2-1
Check: installed package size
Result: NOTE
installed size is 12.8Mb
sub-directories of 1Mb or more:
data 12.7Mb
Flavors: r-devel-linux-x86_64-fedora-clang, r-devel-windows-x86_64, r-release-macos-arm64, r-release-macos-x86_64, r-release-windows-x86_64, r-oldrel-macos-arm64, r-oldrel-macos-x86_64, r-oldrel-windows-x86_64