Last updated on 2024-07-01 03:49:36 CEST.
Flavor | Version | Tinstall | Tcheck | Ttotal | Status | Flags |
---|---|---|---|---|---|---|
r-devel-linux-x86_64-debian-clang | 0.9.8 | 7.15 | 66.39 | 73.54 | OK | |
r-devel-linux-x86_64-debian-gcc | 0.9.8 | 4.52 | 49.43 | 53.95 | OK | |
r-devel-linux-x86_64-fedora-clang | 0.9.8 | 90.52 | NOTE | |||
r-devel-linux-x86_64-fedora-gcc | 0.9.8 | 98.53 | OK | |||
r-devel-windows-x86_64 | 0.9.8 | 6.00 | 84.00 | 90.00 | OK | |
r-patched-linux-x86_64 | 0.9.8 | 5.57 | 62.34 | 67.91 | OK | |
r-release-linux-x86_64 | 0.9.8 | 3.73 | 63.27 | 67.00 | OK | |
r-release-macos-arm64 | 0.9.8 | 57.00 | OK | |||
r-release-macos-x86_64 | 0.9.8 | 77.00 | OK | |||
r-release-windows-x86_64 | 0.9.8 | 7.00 | 82.00 | 89.00 | OK | |
r-oldrel-macos-arm64 | 0.9.8 | 59.00 | OK | |||
r-oldrel-macos-x86_64 | 0.9.8 | 297.00 | OK | |||
r-oldrel-windows-x86_64 | 0.9.8 | 9.00 | 90.00 | 99.00 | OK |
Version: 0.9.8
Check: Rd cross-references
Result: NOTE
Undeclared package ‘lubridate’ in Rd xrefs
Flavor: r-devel-linux-x86_64-fedora-clang