Last updated on 2024-07-01 03:49:36 CEST.
Flavor | Version | Tinstall | Tcheck | Ttotal | Status | Flags |
---|---|---|---|---|---|---|
r-devel-linux-x86_64-debian-clang | 2.6 | 20.15 | 36.31 | 56.46 | OK | |
r-devel-linux-x86_64-debian-gcc | 2.6 | 14.29 | 27.16 | 41.45 | OK | |
r-devel-linux-x86_64-fedora-clang | 2.6 | 79.28 | NOTE | |||
r-devel-linux-x86_64-fedora-gcc | 2.6 | 75.77 | NOTE | |||
r-devel-windows-x86_64 | 2.6 | 18.00 | 67.00 | 85.00 | OK | |
r-patched-linux-x86_64 | 2.6 | 15.93 | 33.39 | 49.32 | OK | |
r-release-linux-x86_64 | 2.6 | 16.29 | 33.66 | 49.95 | OK | |
r-release-macos-arm64 | 2.6 | 23.00 | OK | |||
r-release-macos-x86_64 | 2.6 | 35.00 | OK | |||
r-release-windows-x86_64 | 2.6 | 20.00 | 67.00 | 87.00 | OK | |
r-oldrel-macos-arm64 | 2.6 | 26.00 | OK | |||
r-oldrel-macos-x86_64 | 2.6 | 39.00 | OK | |||
r-oldrel-windows-x86_64 | 2.6 | 21.00 | 76.00 | 97.00 | OK |
Version: 2.6
Check: data for non-ASCII characters
Result: NOTE
Note: found 2 marked UTF-8 strings
Flavors: r-devel-linux-x86_64-fedora-clang, r-devel-linux-x86_64-fedora-gcc