Last updated on 2024-07-01 03:49:36 CEST.
Flavor | Version | Tinstall | Tcheck | Ttotal | Status | Flags |
---|---|---|---|---|---|---|
r-devel-linux-x86_64-debian-clang | 1.1.1 | 16.00 | 408.48 | 424.48 | OK | |
r-devel-linux-x86_64-debian-gcc | 1.1.1 | 12.16 | 298.75 | 310.91 | OK | |
r-devel-linux-x86_64-fedora-clang | 1.1.1 | 404.64 | NOTE | |||
r-devel-linux-x86_64-fedora-gcc | 1.1.1 | 523.63 | OK | |||
r-devel-windows-x86_64 | 1.1.1 | 16.00 | 301.00 | 317.00 | OK | |
r-patched-linux-x86_64 | 1.1.1 | 12.57 | 384.01 | 396.58 | OK | |
r-release-linux-x86_64 | 1.1.1 | 11.47 | 387.13 | 398.60 | OK | |
r-release-macos-arm64 | 1.1.1 | 148.00 | OK | |||
r-release-macos-x86_64 | 1.1.1 | 234.00 | OK | |||
r-release-windows-x86_64 | 1.1.1 | 13.00 | 295.00 | 308.00 | OK | |
r-oldrel-macos-arm64 | 1.1.1 | 226.00 | OK | |||
r-oldrel-macos-x86_64 | 1.1.1 | 348.00 | OK | |||
r-oldrel-windows-x86_64 | 1.1.1 | 20.00 | 380.00 | 400.00 | OK |
Version: 1.1.1
Check: package dependencies
Result: NOTE
Imports includes 22 non-default packages.
Importing from so many packages makes the package vulnerable to any of
them becoming unavailable. Move as many as possible to Suggests and
use conditionally.
Flavor: r-devel-linux-x86_64-fedora-clang