Last updated on 2024-07-01 03:49:35 CEST.
Flavor | Version | Tinstall | Tcheck | Ttotal | Status | Flags |
---|---|---|---|---|---|---|
r-devel-linux-x86_64-debian-clang | 0.3.1 | 4.42 | 114.93 | 119.35 | OK | |
r-devel-linux-x86_64-debian-gcc | 0.3.1 | 4.10 | 85.30 | 89.40 | OK | |
r-devel-linux-x86_64-fedora-clang | 0.3.1 | 155.35 | NOTE | |||
r-devel-linux-x86_64-fedora-gcc | 0.3.1 | 152.86 | NOTE | |||
r-devel-windows-x86_64 | 0.3.1 | 7.00 | 114.00 | 121.00 | OK | |
r-patched-linux-x86_64 | 0.3.1 | 5.49 | 113.02 | 118.51 | OK | |
r-release-linux-x86_64 | 0.3.1 | 5.42 | 111.70 | 117.12 | OK | |
r-release-macos-arm64 | 0.3.1 | 51.00 | OK | |||
r-release-macos-x86_64 | 0.3.1 | 78.00 | OK | |||
r-release-windows-x86_64 | 0.3.1 | 7.00 | 113.00 | 120.00 | OK | |
r-oldrel-macos-arm64 | 0.3.1 | 59.00 | OK | |||
r-oldrel-macos-x86_64 | 0.3.1 | 100.00 | OK | |||
r-oldrel-windows-x86_64 | 0.3.1 | 8.00 | 130.00 | 138.00 | OK |
Version: 0.3.1
Check: data for non-ASCII characters
Result: NOTE
Note: found 14 marked UTF-8 strings
Flavors: r-devel-linux-x86_64-fedora-clang, r-devel-linux-x86_64-fedora-gcc