Last updated on 2024-07-01 03:49:35 CEST.
Flavor | Version | Tinstall | Tcheck | Ttotal | Status | Flags |
---|---|---|---|---|---|---|
r-devel-linux-x86_64-debian-clang | 0.4 | 79.48 | 30.92 | 110.40 | OK | |
r-devel-linux-x86_64-debian-gcc | 0.4 | 57.75 | 23.60 | 81.35 | OK | |
r-devel-linux-x86_64-fedora-clang | 0.4 | 166.64 | OK | |||
r-devel-linux-x86_64-fedora-gcc | 0.4 | 178.05 | OK | |||
r-devel-windows-x86_64 | 0.4 | 68.00 | 63.00 | 131.00 | OK | |
r-patched-linux-x86_64 | 0.4 | 72.28 | 29.20 | 101.48 | OK | |
r-release-linux-x86_64 | 0.4 | 66.22 | 29.69 | 95.91 | OK | |
r-release-macos-arm64 | 0.4 | 35.00 | NOTE | |||
r-release-macos-x86_64 | 0.4 | 63.00 | NOTE | |||
r-release-windows-x86_64 | 0.4 | 67.00 | 63.00 | 130.00 | OK | |
r-oldrel-macos-arm64 | 0.4 | 44.00 | NOTE | |||
r-oldrel-macos-x86_64 | 0.4 | 56.00 | NOTE | |||
r-oldrel-windows-x86_64 | 0.4 | 82.00 | 76.00 | 158.00 | OK |
Version: 0.4
Check: installed package size
Result: NOTE
installed size is 5.6Mb
sub-directories of 1Mb or more:
libs 5.5Mb
Flavors: r-release-macos-arm64, r-release-macos-x86_64, r-oldrel-macos-arm64, r-oldrel-macos-x86_64