Last updated on 2024-07-01 03:49:35 CEST.
Flavor | Version | Tinstall | Tcheck | Ttotal | Status | Flags |
---|---|---|---|---|---|---|
r-devel-linux-x86_64-debian-clang | 0.2.1 | 6.31 | 68.65 | 74.96 | NOTE | |
r-devel-linux-x86_64-debian-gcc | 0.2.1 | 4.42 | 53.43 | 57.85 | NOTE | |
r-devel-linux-x86_64-fedora-clang | 0.2.1 | 97.51 | NOTE | |||
r-devel-linux-x86_64-fedora-gcc | 0.2.1 | 114.62 | NOTE | |||
r-devel-windows-x86_64 | 0.2.1 | 11.00 | 75.00 | 86.00 | NOTE | |
r-patched-linux-x86_64 | 0.2.1 | 5.83 | 68.36 | 74.19 | OK | |
r-release-linux-x86_64 | 0.2.1 | 4.88 | 67.24 | 72.12 | OK | |
r-release-macos-arm64 | 0.2.1 | 38.00 | OK | |||
r-release-macos-x86_64 | 0.2.1 | 55.00 | OK | |||
r-release-windows-x86_64 | 0.2.1 | 10.00 | 75.00 | 85.00 | OK | |
r-oldrel-macos-arm64 | 0.2.1 | 72.00 | OK | |||
r-oldrel-macos-x86_64 | 0.2.1 | 140.00 | OK | |||
r-oldrel-windows-x86_64 | 0.2.1 | 10.00 | 82.00 | 92.00 | OK |
Version: 0.2.1
Check: compiled code
Result: NOTE
File ‘warp/libs/warp.so’:
Found non-API calls to R: ‘Rf_findVarInFrame3’, ‘STRING_PTR’
Compiled code should not call non-API entry points in R.
See ‘Writing portable packages’ in the ‘Writing R Extensions’ manual.
See section ‘Moving into C API compliance’ in the ‘Writing R
Extensions’ manual for issues with use of non-API entry points.
Flavors: r-devel-linux-x86_64-debian-clang, r-devel-linux-x86_64-debian-gcc
Version: 0.2.1
Check: compiled code
Result: NOTE
File ‘warp/libs/warp.so’:
Found non-API calls to R: ‘Rf_findVarInFrame3’, ‘STRING_PTR’
Compiled code should not call non-API entry points in R.
See ‘Writing portable packages’ in the ‘Writing R Extensions’ manual,
and section ‘Moving into C API compliance’ for issues with the use of
non-API entry points.
Flavor: r-devel-linux-x86_64-fedora-clang
Version: 0.2.1
Check: compiled code
Result: NOTE
File ‘warp/libs/warp.so’:
Found non-API calls to R: ‘Rf_findVarInFrame3’, ‘STRING_PTR’
Compiled code should not call non-API entry points in R.
See ‘Writing portable packages’ in the ‘Writing R Extensions’ manual.
Flavor: r-devel-linux-x86_64-fedora-gcc
Version: 0.2.1
Check: compiled code
Result: NOTE
File 'warp/libs/x64/warp.dll':
Found non-API calls to R: 'Rf_findVarInFrame3', 'STRING_PTR'
Compiled code should not call non-API entry points in R.
See 'Writing portable packages' in the 'Writing R Extensions' manual.
See section 'Moving into C API compliance' in the 'Writing R
Extensions' manual for issues with use of non-API entry points.
Flavor: r-devel-windows-x86_64