Last updated on 2024-07-01 03:49:34 CEST.
Flavor | Version | Tinstall | Tcheck | Ttotal | Status | Flags |
---|---|---|---|---|---|---|
r-devel-linux-x86_64-debian-clang | 1.0-1 | 24.70 | 161.50 | 186.20 | OK | |
r-devel-linux-x86_64-debian-gcc | 1.0-1 | 16.97 | 118.69 | 135.66 | OK | |
r-devel-linux-x86_64-fedora-clang | 1.0-1 | 249.94 | OK | |||
r-devel-linux-x86_64-fedora-gcc | 1.0-1 | 244.64 | OK | |||
r-devel-windows-x86_64 | 1.0-1 | 23.00 | 192.00 | 215.00 | OK | |
r-patched-linux-x86_64 | 1.0-1 | 22.71 | 153.90 | 176.61 | OK | |
r-release-linux-x86_64 | 1.0-1 | 19.90 | 154.35 | 174.25 | OK | |
r-release-macos-arm64 | 1.0-1 | 67.00 | OK | |||
r-release-macos-x86_64 | 1.0-1 | 118.00 | WARN | |||
r-release-windows-x86_64 | 1.0-1 | 23.00 | 173.00 | 196.00 | OK | |
r-oldrel-macos-arm64 | 1.0-1 | 75.00 | OK | |||
r-oldrel-macos-x86_64 | 1.0-1 | 138.00 | OK | |||
r-oldrel-windows-x86_64 | 1.0-1 | 28.00 | 199.00 | 227.00 | OK |
Version: 1.0-1
Check: re-building of vignette outputs
Result: WARN
Error(s) in re-building vignettes:
...
--- re-building ‘vsgoftest_tutorial.Rnw’ using knitr
Error: processing vignette 'vsgoftest_tutorial.Rnw' failed with diagnostics:
Running 'texi2dvi' on 'vsgoftest_tutorial.tex' failed.
LaTeX errors:
! Undefined control sequence.
l.119 \hlkwd{install.packages}\hldef
{(}\hlsng{'vsgoftest'}\hldef{)}
?
! Emergency stop.
! Emergency stop.
l.119
End of file on the terminal!
! ==> Fatal error occurred, no output PDF file produced!
--- failed re-building ‘vsgoftest_tutorial.Rnw’
SUMMARY: processing the following file failed:
‘vsgoftest_tutorial.Rnw’
Error: Vignette re-building failed.
Execution halted
Flavor: r-release-macos-x86_64