Last updated on 2024-07-01 03:49:34 CEST.
Flavor | Version | Tinstall | Tcheck | Ttotal | Status | Flags |
---|---|---|---|---|---|---|
r-devel-linux-x86_64-debian-clang | 0.1.0 | 14.16 | 272.84 | 287.00 | OK | |
r-devel-linux-x86_64-debian-gcc | 0.1.0 | 10.96 | 159.88 | 170.84 | ERROR | |
r-devel-linux-x86_64-fedora-clang | 0.1.0 | 253.69 | ERROR | |||
r-devel-linux-x86_64-fedora-gcc | 0.1.0 | 297.59 | ERROR | |||
r-devel-windows-x86_64 | 0.1.0 | 15.00 | 204.00 | 219.00 | OK | |
r-patched-linux-x86_64 | 0.1.0 | 10.64 | 251.29 | 261.93 | OK | |
r-release-linux-x86_64 | 0.1.0 | 9.26 | 206.87 | 216.13 | ERROR | |
r-release-macos-arm64 | 0.1.0 | 82.00 | OK | |||
r-release-macos-x86_64 | 0.1.0 | 139.00 | OK | |||
r-release-windows-x86_64 | 0.1.0 | 14.00 | 202.00 | 216.00 | OK | |
r-oldrel-macos-arm64 | 0.1.0 | 108.00 | OK | |||
r-oldrel-macos-x86_64 | 0.1.0 | 175.00 | OK | |||
r-oldrel-windows-x86_64 | 0.1.0 | 17.00 | 197.00 | 214.00 | ERROR |
Version: 0.1.0
Check: re-building of vignette outputs
Result: ERROR
Error(s) in re-building vignettes:
...
--- re-building ‘Advanced.Rmd’ using knitr
** Processing: figure/unnamed-chunk-2-1.png
771x600 pixels, 3x8 bits/pixel, RGB
Input IDAT size = 59322 bytes
Input file size = 59484 bytes
Trying:
zc = 9 zm = 8 zs = 0 f = 0 IDAT size = 49853
zc = 9 zm = 8 zs = 1 f = 0
zc = 1 zm = 8 zs = 2 f = 0
zc = 9 zm = 8 zs = 3 f = 0
zc = 9 zm = 8 zs = 0 f = 5
zc = 9 zm = 8 zs = 1 f = 5
zc = 1 zm = 8 zs = 2 f = 5
zc = 9 zm = 8 zs = 3 f = 5
Selecting parameters:
zc = 9 zm = 8 zs = 0 f = 0 IDAT size = 49853
Output IDAT size = 49853 bytes (9469 bytes decrease)
Output file size = 49931 bytes (9553 bytes = 16.06% decrease)
** Processing: figure/unnamed-chunk-3-1.png
771x600 pixels, 3x8 bits/pixel, RGB
Input IDAT size = 60998 bytes
Input file size = 61160 bytes
Trying:
zc = 9 zm = 8 zs = 0 f = 0 IDAT size = 50915
zc = 9 zm = 8 zs = 1 f = 0
zc = 1 zm = 8 zs = 2 f = 0
zc = 9 zm = 8 zs = 3 f = 0
zc = 9 zm = 8 zs = 0 f = 5
zc = 9 zm = 8 zs = 1 f = 5
zc = 1 zm = 8 zs = 2 f = 5
zc = 9 zm = 8 zs = 3 f = 5
Selecting parameters:
zc = 9 zm = 8 zs = 0 f = 0 IDAT size = 50915
Output IDAT size = 50915 bytes (10083 bytes decrease)
Output file size = 50993 bytes (10167 bytes = 16.62% decrease)
** Processing: figure/unnamed-chunk-4-1.png
771x600 pixels, 3x8 bits/pixel, RGB
Input IDAT size = 79380 bytes
Input file size = 79566 bytes
Trying:
zc = 9 zm = 8 zs = 0 f = 0 IDAT size = 69373
zc = 9 zm = 8 zs = 1 f = 0
zc = 1 zm = 8 zs = 2 f = 0
zc = 9 zm = 8 zs = 3 f = 0
zc = 9 zm = 8 zs = 0 f = 5
zc = 9 zm = 8 zs = 1 f = 5
zc = 1 zm = 8 zs = 2 f = 5
zc = 9 zm = 8 zs = 3 f = 5
Selecting parameters:
zc = 9 zm = 8 zs = 0 f = 0 IDAT size = 69373
Output IDAT size = 69373 bytes (10007 bytes decrease)
Output file size = 69451 bytes (10115 bytes = 12.71% decrease)
** Processing: figure/unnamed-chunk-5-1.png
771x600 pixels, 3x8 bits/pixel, RGB
Input IDAT size = 85905 bytes
Input file size = 86103 bytes
Trying:
zc = 9 zm = 8 zs = 0 f = 0 IDAT size = 74310
zc = 9 zm = 8 zs = 1 f = 0
zc = 1 zm = 8 zs = 2 f = 0
zc = 9 zm = 8 zs = 3 f = 0
zc = 9 zm = 8 zs = 0 f = 5
zc = 9 zm = 8 zs = 1 f = 5
zc = 1 zm = 8 zs = 2 f = 5
zc = 9 zm = 8 zs = 3 f = 5
Selecting parameters:
zc = 9 zm = 8 zs = 0 f = 0 IDAT size = 74310
Output IDAT size = 74310 bytes (11595 bytes decrease)
Output file size = 74388 bytes (11715 bytes = 13.61% decrease)
** Processing: figure/unnamed-chunk-5-2.png
771x600 pixels, 3x8 bits/pixel, RGB
Input IDAT size = 82133 bytes
Input file size = 82331 bytes
Trying:
zc = 9 zm = 8 zs = 0 f = 0 IDAT size = 79526
zc = 9 zm = 8 zs = 1 f = 0
zc = 1 zm = 8 zs = 2 f = 0
zc = 9 zm = 8 zs = 3 f = 0
zc = 9 zm = 8 zs = 0 f = 5
zc = 9 zm = 8 zs = 1 f = 5
zc = 1 zm = 8 zs = 2 f = 5
zc = 9 zm = 8 zs = 3 f = 5
Selecting parameters:
zc = 9 zm = 8 zs = 0 f = 0 IDAT size = 79526
Output IDAT size = 79526 bytes (2607 bytes decrease)
Output file size = 79604 bytes (2727 bytes = 3.31% decrease)
** Processing: figure/unnamed-chunk-5-3.png
771x600 pixels, 3x8 bits/pixel, RGB
Input IDAT size = 54780 bytes
Input file size = 54930 bytes
Trying:
zc = 9 zm = 8 zs = 0 f = 0 IDAT size = 48985
zc = 9 zm = 8 zs = 1 f = 0
zc = 1 zm = 8 zs = 2 f = 0
zc = 9 zm = 8 zs = 3 f = 0
zc = 9 zm = 8 zs = 0 f = 5
zc = 9 zm = 8 zs = 1 f = 5
zc = 1 zm = 8 zs = 2 f = 5
zc = 9 zm = 8 zs = 3 f = 5
Selecting parameters:
zc = 9 zm = 8 zs = 0 f = 0 IDAT size = 48985
Output IDAT size = 48985 bytes (5795 bytes decrease)
Output file size = 49063 bytes (5867 bytes = 10.68% decrease)
** Processing: figure/unnamed-chunk-5-4.png
771x600 pixels, 3x8 bits/pixel, RGB
Input IDAT size = 46664 bytes
Input file size = 46802 bytes
Trying:
zc = 9 zm = 8 zs = 0 f = 0 IDAT size = 44876
zc = 9 zm = 8 zs = 1 f = 0
zc = 1 zm = 8 zs = 2 f = 0
zc = 9 zm = 8 zs = 3 f = 0
zc = 9 zm = 8 zs = 0 f = 5
zc = 9 zm = 8 zs = 1 f = 5
zc = 1 zm = 8 zs = 2 f = 5
zc = 9 zm = 8 zs = 3 f = 5
Selecting parameters:
zc = 9 zm = 8 zs = 0 f = 0 IDAT size = 44876
Output IDAT size = 44876 bytes (1788 bytes decrease)
Output file size = 44954 bytes (1848 bytes = 3.95% decrease)
--- finished re-building ‘Advanced.Rmd’
--- re-building ‘Basic_example.Rmd’ using knitr
** Processing: figure/unnamed-chunk-3-1.png
771x600 pixels, 3x8 bits/pixel, RGB
Input IDAT size = 55825 bytes
Input file size = 55975 bytes
Trying:
zc = 9 zm = 8 zs = 0 f = 0 IDAT size = 46598
zc = 9 zm = 8 zs = 1 f = 0
zc = 1 zm = 8 zs = 2 f = 0
zc = 9 zm = 8 zs = 3 f = 0
zc = 9 zm = 8 zs = 0 f = 5
zc = 9 zm = 8 zs = 1 f = 5
zc = 1 zm = 8 zs = 2 f = 5
zc = 9 zm = 8 zs = 3 f = 5
Selecting parameters:
zc = 9 zm = 8 zs = 0 f = 0 IDAT size = 46598
Output IDAT size = 46598 bytes (9227 bytes decrease)
Output file size = 46676 bytes (9299 bytes = 16.61% decrease)
** Processing: figure/unnamed-chunk-4-1.png
771x600 pixels, 3x8 bits/pixel, RGB
Input IDAT size = 57771 bytes
Input file size = 57933 bytes
Trying:
zc = 9 zm = 8 zs = 0 f = 0 IDAT size = 48944
zc = 9 zm = 8 zs = 1 f = 0
zc = 1 zm = 8 zs = 2 f = 0
zc = 9 zm = 8 zs = 3 f = 0
zc = 9 zm = 8 zs = 0 f = 5
zc = 9 zm = 8 zs = 1 f = 5
zc = 1 zm = 8 zs = 2 f = 5
zc = 9 zm = 8 zs = 3 f = 5
Selecting parameters:
zc = 9 zm = 8 zs = 0 f = 0 IDAT size = 48944
Output IDAT size = 48944 bytes (8827 bytes decrease)
Output file size = 49022 bytes (8911 bytes = 15.38% decrease)
** Processing: figure/unnamed-chunk-5-1.png
771x600 pixels, 3x8 bits/pixel, RGB
Input IDAT size = 75568 bytes
Input file size = 75754 bytes
Trying:
zc = 9 zm = 8 zs = 0 f = 0 IDAT size = 62169
zc = 9 zm = 8 zs = 1 f = 0
zc = 1 zm = 8 zs = 2 f = 0
zc = 9 zm = 8 zs = 3 f = 0
zc = 9 zm = 8 zs = 0 f = 5
zc = 9 zm = 8 zs = 1 f = 5
zc = 1 zm = 8 zs = 2 f = 5
zc = 9 zm = 8 zs = 3 f = 5
Selecting parameters:
zc = 9 zm = 8 zs = 0 f = 0 IDAT size = 62169
Output IDAT size = 62169 bytes (13399 bytes decrease)
Output file size = 62247 bytes (13507 bytes = 17.83% decrease)
** Processing: figure/unnamed-chunk-6-1.png
771x600 pixels, 3x8 bits/pixel, RGB
Input IDAT size = 76646 bytes
Input file size = 76832 bytes
Trying:
zc = 9 zm = 8 zs = 0 f = 0 IDAT size = 63958
zc = 9 zm = 8 zs = 1 f = 0
zc = 1 zm = 8 zs = 2 f = 0
zc = 9 zm = 8 zs = 3 f = 0
zc = 9 zm = 8 zs = 0 f = 5
zc = 9 zm = 8 zs = 1 f = 5
zc = 1 zm = 8 zs = 2 f = 5
zc = 9 zm = 8 zs = 3 f = 5
Selecting parameters:
zc = 9 zm = 8 zs = 0 f = 0 IDAT size = 63958
Output IDAT size = 63958 bytes (12688 bytes decrease)
Output file size = 64036 bytes (12796 bytes = 16.65% decrease)
** Processing: figure/unnamed-chunk-7-1.png
771x600 pixels, 3x8 bits/pixel, RGB
Input IDAT size = 53035 bytes
Input file size = 53185 bytes
Trying:
zc = 9 zm = 8 zs = 0 f = 0 IDAT size = 45579
zc = 9 zm = 8 zs = 1 f = 0
zc = 1 zm = 8 zs = 2 f = 0
zc = 9 zm = 8 zs = 3 f = 0
zc = 9 zm = 8 zs = 0 f = 5
zc = 9 zm = 8 zs = 1 f = 5
zc = 1 zm = 8 zs = 2 f = 5
zc = 9 zm = 8 zs = 3 f = 5
Selecting parameters:
zc = 9 zm = 8 zs = 0 f = 0 IDAT size = 45579
Output IDAT size = 45579 bytes (7456 bytes decrease)
Output file size = 45657 bytes (7528 bytes = 14.15% decrease)
** Processing: figure/unnamed-chunk-8-1.png
771x600 pixels, 3x8 bits/pixel, RGB
Input IDAT size = 51530 bytes
Input file size = 51680 bytes
Trying:
zc = 9 zm = 8 zs = 0 f = 0 IDAT size = 43381
zc = 9 zm = 8 zs = 1 f = 0
zc = 1 zm = 8 zs = 2 f = 0
zc = 9 zm = 8 zs = 3 f = 0
zc = 9 zm = 8 zs = 0 f = 5
zc = 9 zm = 8 zs = 1 f = 5
zc = 1 zm = 8 zs = 2 f = 5
zc = 9 zm = 8 zs = 3 f = 5
Selecting parameters:
zc = 9 zm = 8 zs = 0 f = 0 IDAT size = 43381
Output IDAT size = 43381 bytes (8149 bytes decrease)
Output file size = 43459 bytes (8221 bytes = 15.91% decrease)
** Processing: figure/unnamed-chunk-10-1.png
771x600 pixels, 3x8 bits/pixel, RGB
Input IDAT size = 115354 bytes
Input file size = 115600 bytes
Trying:
zc = 9 zm = 8 zs = 0 f = 0 IDAT size = 98863
zc = 9 zm = 8 zs = 1 f = 0
zc = 1 zm = 8 zs = 2 f = 0
zc = 9 zm = 8 zs = 3 f = 0
zc = 9 zm = 8 zs = 0 f = 5
zc = 9 zm = 8 zs = 1 f = 5
zc = 1 zm = 8 zs = 2 f = 5
zc = 9 zm = 8 zs = 3 f = 5
Selecting parameters:
zc = 9 zm = 8 zs = 0 f = 0 IDAT size = 98863
Output IDAT size = 98863 bytes (16491 bytes decrease)
Output file size = 98941 bytes (16659 bytes = 14.41% decrease)
** Processing: figure/unnamed-chunk-11-1.png
771x600 pixels, 3x8 bits/pixel, RGB
Input IDAT size = 173509 bytes
Input file size = 173839 bytes
Trying:
zc = 9 zm = 8 zs = 0 f = 0 IDAT size = 146962
zc = 9 zm = 8 zs = 1 f = 0
zc = 1 zm = 8 zs = 2 f = 0
zc = 9 zm = 8 zs = 3 f = 0
zc = 9 zm = 8 zs = 0 f = 5
zc = 9 zm = 8 zs = 1 f = 5
zc = 1 zm = 8 zs = 2 f = 5
zc = 9 zm = 8 zs = 3 f = 5
Selecting parameters:
zc = 9 zm = 8 zs = 0 f = 0 IDAT size = 146962
Output IDAT size = 146962 bytes (26547 bytes decrease)
Output file size = 147040 bytes (26799 bytes = 15.42% decrease)
** Processing: figure/unnamed-chunk-13-1.png
771x600 pixels, 3x8 bits/pixel, RGB
Input IDAT size = 122185 bytes
Input file size = 122431 bytes
Trying:
zc = 9 zm = 8 zs = 0 f = 0 IDAT size = 103793
zc = 9 zm = 8 zs = 1 f = 0
zc = 1 zm = 8 zs = 2 f = 0
zc = 9 zm = 8 zs = 3 f = 0
zc = 9 zm = 8 zs = 0 f = 5
zc = 9 zm = 8 zs = 1 f = 5
zc = 1 zm = 8 zs = 2 f = 5
zc = 9 zm = 8 zs = 3 f = 5
Selecting parameters:
zc = 9 zm = 8 zs = 0 f = 0 IDAT size = 103793
Output IDAT size = 103793 bytes (18392 bytes decrease)
Output file size = 103871 bytes (18560 bytes = 15.16% decrease)
** Processing: figure/unnamed-chunk-13-2.png
771x600 pixels, 3x8 bits/pixel, RGB
Input IDAT size = 146262 bytes
Input file size = 146544 bytes
Trying:
zc = 9 zm = 8 zs = 0 f = 0 IDAT size = 124615
zc = 9 zm = 8 zs = 1 f = 0
zc = 1 zm = 8 zs = 2 f = 0
zc = 9 zm = 8 zs = 3 f = 0
zc = 9 zm = 8 zs = 0 f = 5
zc = 9 zm = 8 zs = 1 f = 5
zc = 1 zm = 8 zs = 2 f = 5
zc = 9 zm = 8 zs = 3 f = 5
Selecting parameters:
zc = 9 zm = 8 zs = 0 f = 0 IDAT size = 124615
Output IDAT size = 124615 bytes (21647 bytes decrease)
Output file size = 124693 bytes (21851 bytes = 14.91% decrease)
--- finished re-building ‘Basic_example.Rmd’
--- re-building ‘Comparing.Rmd’ using knitr
Quitting from lines 34-58 [unnamed-chunk-2] (Comparing.Rmd)
Error: processing vignette 'Comparing.Rmd' failed with diagnostics:
Bernoulli requires the response to be numeric in {0,1}
--- failed re-building ‘Comparing.Rmd’
--- re-building ‘Outliers.Rmd’ using knitr
Warning: ggrepel: 1 unlabeled data points (too many overlaps). Consider increasing max.overlaps
** Processing: figure/unnamed-chunk-3-1.png
900x700 pixels, 3x8 bits/pixel, RGB
Input IDAT size = 178176 bytes
Input file size = 178506 bytes
Trying:
zc = 9 zm = 8 zs = 0 f = 0 IDAT size = 145723
zc = 9 zm = 8 zs = 1 f = 0
zc = 1 zm = 8 zs = 2 f = 0
zc = 9 zm = 8 zs = 3 f = 0
zc = 9 zm = 8 zs = 0 f = 5
zc = 9 zm = 8 zs = 1 f = 5
zc = 1 zm = 8 zs = 2 f = 5
zc = 9 zm = 8 zs = 3 f = 5
Selecting parameters:
zc = 9 zm = 8 zs = 0 f = 0 IDAT size = 145723
Output IDAT size = 145723 bytes (32453 bytes decrease)
Output file size = 145801 bytes (32705 bytes = 18.32% decrease)
Warning: ggrepel: 4 unlabeled data points (too many overlaps). Consider increasing max.overlaps
Warning: ggrepel: 4 unlabeled data points (too many overlaps). Consider increasing max.overlaps
Warning: ggrepel: 4 unlabeled data points (too many overlaps). Consider increasing max.overlaps
** Processing: figure/unnamed-chunk-4-1.png
900x700 pixels, 3x8 bits/pixel, RGB
Input IDAT size = 155891 bytes
Input file size = 156197 bytes
Trying:
zc = 9 zm = 8 zs = 0 f = 0 IDAT size = 133728
zc = 9 zm = 8 zs = 1 f = 0
zc = 1 zm = 8 zs = 2 f = 0
zc = 9 zm = 8 zs = 3 f = 0
zc = 9 zm = 8 zs = 0 f = 5
zc = 9 zm = 8 zs = 1 f = 5
zc = 1 zm = 8 zs = 2 f = 5
zc = 9 zm = 8 zs = 3 f = 5
Selecting parameters:
zc = 9 zm = 8 zs = 0 f = 0 IDAT size = 133728
Output IDAT size = 133728 bytes (22163 bytes decrease)
Output file size = 133806 bytes (22391 bytes = 14.34% decrease)
** Processing: figure/unnamed-chunk-4-2.png
900x700 pixels, 3x8 bits/pixel, RGB
Input IDAT size = 133169 bytes
Input file size = 133439 bytes
Trying:
zc = 9 zm = 8 zs = 0 f = 0 IDAT size = 119319
zc = 9 zm = 8 zs = 1 f = 0
zc = 1 zm = 8 zs = 2 f = 0
zc = 9 zm = 8 zs = 3 f = 0
zc = 9 zm = 8 zs = 0 f = 5
zc = 9 zm = 8 zs = 1 f = 5
zc = 1 zm = 8 zs = 2 f = 5
zc = 9 zm = 8 zs = 3 f = 5
Selecting parameters:
zc = 9 zm = 8 zs = 0 f = 0 IDAT size = 119319
Output IDAT size = 119319 bytes (13850 bytes decrease)
Output file size = 119397 bytes (14042 bytes = 10.52% decrease)
** Processing: figure/unnamed-chunk-4-3.png
900x700 pixels, 3x8 bits/pixel, RGB
Input IDAT size = 124628 bytes
Input file size = 124886 bytes
Trying:
zc = 9 zm = 8 zs = 0 f = 0 IDAT size = 107184
zc = 9 zm = 8 zs = 1 f = 0
zc = 1 zm = 8 zs = 2 f = 0
zc = 9 zm = 8 zs = 3 f = 0
zc = 9 zm = 8 zs = 0 f = 5
zc = 9 zm = 8 zs = 1 f = 5
zc = 1 zm = 8 zs = 2 f = 5
zc = 9 zm = 8 zs = 3 f = 5
Selecting parameters:
zc = 9 zm = 8 zs = 0 f = 0 IDAT size = 107184
Output IDAT size = 107184 bytes (17444 bytes decrease)
Output file size = 107262 bytes (17624 bytes = 14.11% decrease)
--- finished re-building ‘Outliers.Rmd’
SUMMARY: processing the following file failed:
‘Comparing.Rmd’
Error: Vignette re-building failed.
Execution halted
Flavor: r-devel-linux-x86_64-debian-gcc
Version: 0.1.0
Check: re-building of vignette outputs
Result: ERROR
Error(s) in re-building vignettes:
--- re-building ‘Advanced.Rmd’ using knitr
** Processing: figure/unnamed-chunk-2-1.png
771x600 pixels, 3x8 bits/pixel, RGB
Input IDAT size = 59332 bytes
Input file size = 59494 bytes
Trying:
zc = 9 zm = 8 zs = 0 f = 0 IDAT size = 49854
zc = 9 zm = 8 zs = 1 f = 0
zc = 1 zm = 8 zs = 2 f = 0
zc = 9 zm = 8 zs = 3 f = 0
zc = 9 zm = 8 zs = 0 f = 5
zc = 9 zm = 8 zs = 1 f = 5
zc = 1 zm = 8 zs = 2 f = 5
zc = 9 zm = 8 zs = 3 f = 5
Selecting parameters:
zc = 9 zm = 8 zs = 0 f = 0 IDAT size = 49854
Output IDAT size = 49854 bytes (9478 bytes decrease)
Output file size = 49932 bytes (9562 bytes = 16.07% decrease)
** Processing: figure/unnamed-chunk-3-1.png
771x600 pixels, 3x8 bits/pixel, RGB
Input IDAT size = 61005 bytes
Input file size = 61167 bytes
Trying:
zc = 9 zm = 8 zs = 0 f = 0 IDAT size = 50924
zc = 9 zm = 8 zs = 1 f = 0
zc = 1 zm = 8 zs = 2 f = 0
zc = 9 zm = 8 zs = 3 f = 0
zc = 9 zm = 8 zs = 0 f = 5
zc = 9 zm = 8 zs = 1 f = 5
zc = 1 zm = 8 zs = 2 f = 5
zc = 9 zm = 8 zs = 3 f = 5
Selecting parameters:
zc = 9 zm = 8 zs = 0 f = 0 IDAT size = 50924
Output IDAT size = 50924 bytes (10081 bytes decrease)
Output file size = 51002 bytes (10165 bytes = 16.62% decrease)
** Processing: figure/unnamed-chunk-4-1.png
771x600 pixels, 3x8 bits/pixel, RGB
Input IDAT size = 79376 bytes
Input file size = 79562 bytes
Trying:
zc = 9 zm = 8 zs = 0 f = 0 IDAT size = 69383
zc = 9 zm = 8 zs = 1 f = 0
zc = 1 zm = 8 zs = 2 f = 0
zc = 9 zm = 8 zs = 3 f = 0
zc = 9 zm = 8 zs = 0 f = 5
zc = 9 zm = 8 zs = 1 f = 5
zc = 1 zm = 8 zs = 2 f = 5
zc = 9 zm = 8 zs = 3 f = 5
Selecting parameters:
zc = 9 zm = 8 zs = 0 f = 0 IDAT size = 69383
Output IDAT size = 69383 bytes (9993 bytes decrease)
Output file size = 69461 bytes (10101 bytes = 12.70% decrease)
** Processing: figure/unnamed-chunk-5-1.png
771x600 pixels, 3x8 bits/pixel, RGB
Input IDAT size = 85904 bytes
Input file size = 86102 bytes
Trying:
zc = 9 zm = 8 zs = 0 f = 0 IDAT size = 74310
zc = 9 zm = 8 zs = 1 f = 0
zc = 1 zm = 8 zs = 2 f = 0
zc = 9 zm = 8 zs = 3 f = 0
zc = 9 zm = 8 zs = 0 f = 5
zc = 9 zm = 8 zs = 1 f = 5
zc = 1 zm = 8 zs = 2 f = 5
zc = 9 zm = 8 zs = 3 f = 5
Selecting parameters:
zc = 9 zm = 8 zs = 0 f = 0 IDAT size = 74310
Output IDAT size = 74310 bytes (11594 bytes decrease)
Output file size = 74388 bytes (11714 bytes = 13.60% decrease)
** Processing: figure/unnamed-chunk-5-2.png
771x600 pixels, 3x8 bits/pixel, RGB
Input IDAT size = 82133 bytes
Input file size = 82331 bytes
Trying:
zc = 9 zm = 8 zs = 0 f = 0 IDAT size = 79526
zc = 9 zm = 8 zs = 1 f = 0
zc = 1 zm = 8 zs = 2 f = 0
zc = 9 zm = 8 zs = 3 f = 0
zc = 9 zm = 8 zs = 0 f = 5
zc = 9 zm = 8 zs = 1 f = 5
zc = 1 zm = 8 zs = 2 f = 5
zc = 9 zm = 8 zs = 3 f = 5
Selecting parameters:
zc = 9 zm = 8 zs = 0 f = 0 IDAT size = 79526
Output IDAT size = 79526 bytes (2607 bytes decrease)
Output file size = 79604 bytes (2727 bytes = 3.31% decrease)
** Processing: figure/unnamed-chunk-5-3.png
771x600 pixels, 3x8 bits/pixel, RGB
Input IDAT size = 54778 bytes
Input file size = 54928 bytes
Trying:
zc = 9 zm = 8 zs = 0 f = 0 IDAT size = 48981
zc = 9 zm = 8 zs = 1 f = 0
zc = 1 zm = 8 zs = 2 f = 0
zc = 9 zm = 8 zs = 3 f = 0
zc = 9 zm = 8 zs = 0 f = 5
zc = 9 zm = 8 zs = 1 f = 5
zc = 1 zm = 8 zs = 2 f = 5
zc = 9 zm = 8 zs = 3 f = 5
Selecting parameters:
zc = 9 zm = 8 zs = 0 f = 0 IDAT size = 48981
Output IDAT size = 48981 bytes (5797 bytes decrease)
Output file size = 49059 bytes (5869 bytes = 10.68% decrease)
** Processing: figure/unnamed-chunk-5-4.png
771x600 pixels, 3x8 bits/pixel, RGB
Input IDAT size = 46664 bytes
Input file size = 46802 bytes
Trying:
zc = 9 zm = 8 zs = 0 f = 0 IDAT size = 44876
zc = 9 zm = 8 zs = 1 f = 0
zc = 1 zm = 8 zs = 2 f = 0
zc = 9 zm = 8 zs = 3 f = 0
zc = 9 zm = 8 zs = 0 f = 5
zc = 9 zm = 8 zs = 1 f = 5
zc = 1 zm = 8 zs = 2 f = 5
zc = 9 zm = 8 zs = 3 f = 5
Selecting parameters:
zc = 9 zm = 8 zs = 0 f = 0 IDAT size = 44876
Output IDAT size = 44876 bytes (1788 bytes decrease)
Output file size = 44954 bytes (1848 bytes = 3.95% decrease)
--- finished re-building ‘Advanced.Rmd’
--- re-building ‘Basic_example.Rmd’ using knitr
** Processing: figure/unnamed-chunk-3-1.png
771x600 pixels, 3x8 bits/pixel, RGB
Input IDAT size = 55830 bytes
Input file size = 55980 bytes
Trying:
zc = 9 zm = 8 zs = 0 f = 0 IDAT size = 46602
zc = 9 zm = 8 zs = 1 f = 0
zc = 1 zm = 8 zs = 2 f = 0
zc = 9 zm = 8 zs = 3 f = 0
zc = 9 zm = 8 zs = 0 f = 5
zc = 9 zm = 8 zs = 1 f = 5
zc = 1 zm = 8 zs = 2 f = 5
zc = 9 zm = 8 zs = 3 f = 5
Selecting parameters:
zc = 9 zm = 8 zs = 0 f = 0 IDAT size = 46602
Output IDAT size = 46602 bytes (9228 bytes decrease)
Output file size = 46680 bytes (9300 bytes = 16.61% decrease)
** Processing: figure/unnamed-chunk-4-1.png
771x600 pixels, 3x8 bits/pixel, RGB
Input IDAT size = 57771 bytes
Input file size = 57933 bytes
Trying:
zc = 9 zm = 8 zs = 0 f = 0 IDAT size = 48942
zc = 9 zm = 8 zs = 1 f = 0
zc = 1 zm = 8 zs = 2 f = 0
zc = 9 zm = 8 zs = 3 f = 0
zc = 9 zm = 8 zs = 0 f = 5
zc = 9 zm = 8 zs = 1 f = 5
zc = 1 zm = 8 zs = 2 f = 5
zc = 9 zm = 8 zs = 3 f = 5
Selecting parameters:
zc = 9 zm = 8 zs = 0 f = 0 IDAT size = 48942
Output IDAT size = 48942 bytes (8829 bytes decrease)
Output file size = 49020 bytes (8913 bytes = 15.39% decrease)
** Processing: figure/unnamed-chunk-5-1.png
771x600 pixels, 3x8 bits/pixel, RGB
Input IDAT size = 75564 bytes
Input file size = 75750 bytes
Trying:
zc = 9 zm = 8 zs = 0 f = 0 IDAT size = 62174
zc = 9 zm = 8 zs = 1 f = 0
zc = 1 zm = 8 zs = 2 f = 0
zc = 9 zm = 8 zs = 3 f = 0
zc = 9 zm = 8 zs = 0 f = 5
zc = 9 zm = 8 zs = 1 f = 5
zc = 1 zm = 8 zs = 2 f = 5
zc = 9 zm = 8 zs = 3 f = 5
Selecting parameters:
zc = 9 zm = 8 zs = 0 f = 0 IDAT size = 62174
Output IDAT size = 62174 bytes (13390 bytes decrease)
Output file size = 62252 bytes (13498 bytes = 17.82% decrease)
** Processing: figure/unnamed-chunk-6-1.png
771x600 pixels, 3x8 bits/pixel, RGB
Input IDAT size = 76646 bytes
Input file size = 76832 bytes
Trying:
zc = 9 zm = 8 zs = 0 f = 0 IDAT size = 63957
zc = 9 zm = 8 zs = 1 f = 0
zc = 1 zm = 8 zs = 2 f = 0
zc = 9 zm = 8 zs = 3 f = 0
zc = 9 zm = 8 zs = 0 f = 5
zc = 9 zm = 8 zs = 1 f = 5
zc = 1 zm = 8 zs = 2 f = 5
zc = 9 zm = 8 zs = 3 f = 5
Selecting parameters:
zc = 9 zm = 8 zs = 0 f = 0 IDAT size = 63957
Output IDAT size = 63957 bytes (12689 bytes decrease)
Output file size = 64035 bytes (12797 bytes = 16.66% decrease)
** Processing: figure/unnamed-chunk-7-1.png
771x600 pixels, 3x8 bits/pixel, RGB
Input IDAT size = 53035 bytes
Input file size = 53185 bytes
Trying:
zc = 9 zm = 8 zs = 0 f = 0 IDAT size = 45579
zc = 9 zm = 8 zs = 1 f = 0
zc = 1 zm = 8 zs = 2 f = 0
zc = 9 zm = 8 zs = 3 f = 0
zc = 9 zm = 8 zs = 0 f = 5
zc = 9 zm = 8 zs = 1 f = 5
zc = 1 zm = 8 zs = 2 f = 5
zc = 9 zm = 8 zs = 3 f = 5
Selecting parameters:
zc = 9 zm = 8 zs = 0 f = 0 IDAT size = 45579
Output IDAT size = 45579 bytes (7456 bytes decrease)
Output file size = 45657 bytes (7528 bytes = 14.15% decrease)
** Processing: figure/unnamed-chunk-8-1.png
771x600 pixels, 3x8 bits/pixel, RGB
Input IDAT size = 51673 bytes
Input file size = 51823 bytes
Trying:
zc = 9 zm = 8 zs = 0 f = 0 IDAT size = 43346
zc = 9 zm = 8 zs = 1 f = 0
zc = 1 zm = 8 zs = 2 f = 0
zc = 9 zm = 8 zs = 3 f = 0
zc = 9 zm = 8 zs = 0 f = 5
zc = 9 zm = 8 zs = 1 f = 5
zc = 1 zm = 8 zs = 2 f = 5
zc = 9 zm = 8 zs = 3 f = 5
Selecting parameters:
zc = 9 zm = 8 zs = 0 f = 0 IDAT size = 43346
Output IDAT size = 43346 bytes (8327 bytes decrease)
Output file size = 43424 bytes (8399 bytes = 16.21% decrease)
** Processing: figure/unnamed-chunk-10-1.png
771x600 pixels, 3x8 bits/pixel, RGB
Input IDAT size = 115352 bytes
Input file size = 115598 bytes
Trying:
zc = 9 zm = 8 zs = 0 f = 0 IDAT size = 98873
zc = 9 zm = 8 zs = 1 f = 0
zc = 1 zm = 8 zs = 2 f = 0
zc = 9 zm = 8 zs = 3 f = 0
zc = 9 zm = 8 zs = 0 f = 5
zc = 9 zm = 8 zs = 1 f = 5
zc = 1 zm = 8 zs = 2 f = 5
zc = 9 zm = 8 zs = 3 f = 5
Selecting parameters:
zc = 9 zm = 8 zs = 0 f = 0 IDAT size = 98873
Output IDAT size = 98873 bytes (16479 bytes decrease)
Output file size = 98951 bytes (16647 bytes = 14.40% decrease)
** Processing: figure/unnamed-chunk-11-1.png
771x600 pixels, 3x8 bits/pixel, RGB
Input IDAT size = 173493 bytes
Input file size = 173823 bytes
Trying:
zc = 9 zm = 8 zs = 0 f = 0 IDAT size = 146958
zc = 9 zm = 8 zs = 1 f = 0
zc = 1 zm = 8 zs = 2 f = 0
zc = 9 zm = 8 zs = 3 f = 0
zc = 9 zm = 8 zs = 0 f = 5
zc = 9 zm = 8 zs = 1 f = 5
zc = 1 zm = 8 zs = 2 f = 5
zc = 9 zm = 8 zs = 3 f = 5
Selecting parameters:
zc = 9 zm = 8 zs = 0 f = 0 IDAT size = 146958
Output IDAT size = 146958 bytes (26535 bytes decrease)
Output file size = 147036 bytes (26787 bytes = 15.41% decrease)
** Processing: figure/unnamed-chunk-13-1.png
771x600 pixels, 3x8 bits/pixel, RGB
Input IDAT size = 122190 bytes
Input file size = 122436 bytes
Trying:
zc = 9 zm = 8 zs = 0 f = 0 IDAT size = 103770
zc = 9 zm = 8 zs = 1 f = 0
zc = 1 zm = 8 zs = 2 f = 0
zc = 9 zm = 8 zs = 3 f = 0
zc = 9 zm = 8 zs = 0 f = 5
zc = 9 zm = 8 zs = 1 f = 5
zc = 1 zm = 8 zs = 2 f = 5
zc = 9 zm = 8 zs = 3 f = 5
Selecting parameters:
zc = 9 zm = 8 zs = 0 f = 0 IDAT size = 103770
Output IDAT size = 103770 bytes (18420 bytes decrease)
Output file size = 103848 bytes (18588 bytes = 15.18% decrease)
** Processing: figure/unnamed-chunk-13-2.png
771x600 pixels, 3x8 bits/pixel, RGB
Input IDAT size = 146263 bytes
Input file size = 146545 bytes
Trying:
zc = 9 zm = 8 zs = 0 f = 0 IDAT size = 124620
zc = 9 zm = 8 zs = 1 f = 0
zc = 1 zm = 8 zs = 2 f = 0
zc = 9 zm = 8 zs = 3 f = 0
zc = 9 zm = 8 zs = 0 f = 5
zc = 9 zm = 8 zs = 1 f = 5
zc = 1 zm = 8 zs = 2 f = 5
zc = 9 zm = 8 zs = 3 f = 5
Selecting parameters:
zc = 9 zm = 8 zs = 0 f = 0 IDAT size = 124620
Output IDAT size = 124620 bytes (21643 bytes decrease)
Output file size = 124698 bytes (21847 bytes = 14.91% decrease)
--- finished re-building ‘Basic_example.Rmd’
--- re-building ‘Comparing.Rmd’ using knitr
Quitting from lines 34-58 [unnamed-chunk-2] (Comparing.Rmd)
Error: processing vignette 'Comparing.Rmd' failed with diagnostics:
Bernoulli requires the response to be numeric in {0,1}
--- failed re-building ‘Comparing.Rmd’
--- re-building ‘Outliers.Rmd’ using knitr
Warning: ggrepel: 1 unlabeled data points (too many overlaps). Consider increasing max.overlaps
** Processing: figure/unnamed-chunk-3-1.png
900x700 pixels, 3x8 bits/pixel, RGB
Input IDAT size = 178087 bytes
Input file size = 178417 bytes
Trying:
zc = 9 zm = 8 zs = 0 f = 0 IDAT size = 145702
zc = 9 zm = 8 zs = 1 f = 0
zc = 1 zm = 8 zs = 2 f = 0
zc = 9 zm = 8 zs = 3 f = 0
zc = 9 zm = 8 zs = 0 f = 5
zc = 9 zm = 8 zs = 1 f = 5
zc = 1 zm = 8 zs = 2 f = 5
zc = 9 zm = 8 zs = 3 f = 5
Selecting parameters:
zc = 9 zm = 8 zs = 0 f = 0 IDAT size = 145702
Output IDAT size = 145702 bytes (32385 bytes decrease)
Output file size = 145780 bytes (32637 bytes = 18.29% decrease)
Warning: ggrepel: 4 unlabeled data points (too many overlaps). Consider increasing max.overlaps
Warning: ggrepel: 4 unlabeled data points (too many overlaps). Consider increasing max.overlaps
Warning: ggrepel: 4 unlabeled data points (too many overlaps). Consider increasing max.overlaps
** Processing: figure/unnamed-chunk-4-1.png
900x700 pixels, 3x8 bits/pixel, RGB
Input IDAT size = 156266 bytes
Input file size = 156572 bytes
Trying:
zc = 9 zm = 8 zs = 0 f = 0 IDAT size = 133909
zc = 9 zm = 8 zs = 1 f = 0
zc = 1 zm = 8 zs = 2 f = 0
zc = 9 zm = 8 zs = 3 f = 0
zc = 9 zm = 8 zs = 0 f = 5
zc = 9 zm = 8 zs = 1 f = 5
zc = 1 zm = 8 zs = 2 f = 5
zc = 9 zm = 8 zs = 3 f = 5
Selecting parameters:
zc = 9 zm = 8 zs = 0 f = 0 IDAT size = 133909
Output IDAT size = 133909 bytes (22357 bytes decrease)
Output file size = 133987 bytes (22585 bytes = 14.42% decrease)
** Processing: figure/unnamed-chunk-4-2.png
900x700 pixels, 3x8 bits/pixel, RGB
Input IDAT size = 133240 bytes
Input file size = 133510 bytes
Trying:
zc = 9 zm = 8 zs = 0 f = 0 IDAT size = 119427
zc = 9 zm = 8 zs = 1 f = 0
zc = 1 zm = 8 zs = 2 f = 0
zc = 9 zm = 8 zs = 3 f = 0
zc = 9 zm = 8 zs = 0 f = 5
zc = 9 zm = 8 zs = 1 f = 5
zc = 1 zm = 8 zs = 2 f = 5
zc = 9 zm = 8 zs = 3 f = 5
Selecting parameters:
zc = 9 zm = 8 zs = 0 f = 0 IDAT size = 119427
Output IDAT size = 119427 bytes (13813 bytes decrease)
Output file size = 119505 bytes (14005 bytes = 10.49% decrease)
** Processing: figure/unnamed-chunk-4-3.png
900x700 pixels, 3x8 bits/pixel, RGB
Input IDAT size = 124654 bytes
Input file size = 124912 bytes
Trying:
zc = 9 zm = 8 zs = 0 f = 0 IDAT size = 107160
zc = 9 zm = 8 zs = 1 f = 0
zc = 1 zm = 8 zs = 2 f = 0
zc = 9 zm = 8 zs = 3 f = 0
zc = 9 zm = 8 zs = 0 f = 5
zc = 9 zm = 8 zs = 1 f = 5
zc = 1 zm = 8 zs = 2 f = 5
zc = 9 zm = 8 zs = 3 f = 5
Selecting parameters:
zc = 9 zm = 8 zs = 0 f = 0 IDAT size = 107160
Output IDAT size = 107160 bytes (17494 bytes decrease)
Output file size = 107238 bytes (17674 bytes = 14.15% decrease)
--- finished re-building ‘Outliers.Rmd’
SUMMARY: processing the following file failed:
‘Comparing.Rmd’
Error: Vignette re-building failed.
Execution halted
Flavor: r-devel-linux-x86_64-fedora-clang
Version: 0.1.0
Check: re-building of vignette outputs
Result: ERROR
Error(s) in re-building vignettes:
--- re-building ‘Advanced.Rmd’ using knitr
** Processing: figure/unnamed-chunk-2-1.png
771x600 pixels, 3x8 bits/pixel, RGB
Input IDAT size = 59332 bytes
Input file size = 59494 bytes
Trying:
zc = 9 zm = 8 zs = 0 f = 0 IDAT size = 49854
zc = 9 zm = 8 zs = 1 f = 0
zc = 1 zm = 8 zs = 2 f = 0
zc = 9 zm = 8 zs = 3 f = 0
zc = 9 zm = 8 zs = 0 f = 5
zc = 9 zm = 8 zs = 1 f = 5
zc = 1 zm = 8 zs = 2 f = 5
zc = 9 zm = 8 zs = 3 f = 5
Selecting parameters:
zc = 9 zm = 8 zs = 0 f = 0 IDAT size = 49854
Output IDAT size = 49854 bytes (9478 bytes decrease)
Output file size = 49932 bytes (9562 bytes = 16.07% decrease)
** Processing: figure/unnamed-chunk-3-1.png
771x600 pixels, 3x8 bits/pixel, RGB
Input IDAT size = 61007 bytes
Input file size = 61169 bytes
Trying:
zc = 9 zm = 8 zs = 0 f = 0 IDAT size = 50921
zc = 9 zm = 8 zs = 1 f = 0
zc = 1 zm = 8 zs = 2 f = 0
zc = 9 zm = 8 zs = 3 f = 0
zc = 9 zm = 8 zs = 0 f = 5
zc = 9 zm = 8 zs = 1 f = 5
zc = 1 zm = 8 zs = 2 f = 5
zc = 9 zm = 8 zs = 3 f = 5
Selecting parameters:
zc = 9 zm = 8 zs = 0 f = 0 IDAT size = 50921
Output IDAT size = 50921 bytes (10086 bytes decrease)
Output file size = 50999 bytes (10170 bytes = 16.63% decrease)
** Processing: figure/unnamed-chunk-4-1.png
771x600 pixels, 3x8 bits/pixel, RGB
Input IDAT size = 79378 bytes
Input file size = 79564 bytes
Trying:
zc = 9 zm = 8 zs = 0 f = 0 IDAT size = 69382
zc = 9 zm = 8 zs = 1 f = 0
zc = 1 zm = 8 zs = 2 f = 0
zc = 9 zm = 8 zs = 3 f = 0
zc = 9 zm = 8 zs = 0 f = 5
zc = 9 zm = 8 zs = 1 f = 5
zc = 1 zm = 8 zs = 2 f = 5
zc = 9 zm = 8 zs = 3 f = 5
Selecting parameters:
zc = 9 zm = 8 zs = 0 f = 0 IDAT size = 69382
Output IDAT size = 69382 bytes (9996 bytes decrease)
Output file size = 69460 bytes (10104 bytes = 12.70% decrease)
** Processing: figure/unnamed-chunk-5-1.png
771x600 pixels, 3x8 bits/pixel, RGB
Input IDAT size = 85902 bytes
Input file size = 86100 bytes
Trying:
zc = 9 zm = 8 zs = 0 f = 0 IDAT size = 74308
zc = 9 zm = 8 zs = 1 f = 0
zc = 1 zm = 8 zs = 2 f = 0
zc = 9 zm = 8 zs = 3 f = 0
zc = 9 zm = 8 zs = 0 f = 5
zc = 9 zm = 8 zs = 1 f = 5
zc = 1 zm = 8 zs = 2 f = 5
zc = 9 zm = 8 zs = 3 f = 5
Selecting parameters:
zc = 9 zm = 8 zs = 0 f = 0 IDAT size = 74308
Output IDAT size = 74308 bytes (11594 bytes decrease)
Output file size = 74386 bytes (11714 bytes = 13.61% decrease)
** Processing: figure/unnamed-chunk-5-2.png
771x600 pixels, 3x8 bits/pixel, RGB
Input IDAT size = 82133 bytes
Input file size = 82331 bytes
Trying:
zc = 9 zm = 8 zs = 0 f = 0 IDAT size = 79526
zc = 9 zm = 8 zs = 1 f = 0
zc = 1 zm = 8 zs = 2 f = 0
zc = 9 zm = 8 zs = 3 f = 0
zc = 9 zm = 8 zs = 0 f = 5
zc = 9 zm = 8 zs = 1 f = 5
zc = 1 zm = 8 zs = 2 f = 5
zc = 9 zm = 8 zs = 3 f = 5
Selecting parameters:
zc = 9 zm = 8 zs = 0 f = 0 IDAT size = 79526
Output IDAT size = 79526 bytes (2607 bytes decrease)
Output file size = 79604 bytes (2727 bytes = 3.31% decrease)
** Processing: figure/unnamed-chunk-5-3.png
771x600 pixels, 3x8 bits/pixel, RGB
Input IDAT size = 54778 bytes
Input file size = 54928 bytes
Trying:
zc = 9 zm = 8 zs = 0 f = 0 IDAT size = 48980
zc = 9 zm = 8 zs = 1 f = 0
zc = 1 zm = 8 zs = 2 f = 0
zc = 9 zm = 8 zs = 3 f = 0
zc = 9 zm = 8 zs = 0 f = 5
zc = 9 zm = 8 zs = 1 f = 5
zc = 1 zm = 8 zs = 2 f = 5
zc = 9 zm = 8 zs = 3 f = 5
Selecting parameters:
zc = 9 zm = 8 zs = 0 f = 0 IDAT size = 48980
Output IDAT size = 48980 bytes (5798 bytes decrease)
Output file size = 49058 bytes (5870 bytes = 10.69% decrease)
** Processing: figure/unnamed-chunk-5-4.png
771x600 pixels, 3x8 bits/pixel, RGB
Input IDAT size = 46664 bytes
Input file size = 46802 bytes
Trying:
zc = 9 zm = 8 zs = 0 f = 0 IDAT size = 44876
zc = 9 zm = 8 zs = 1 f = 0
zc = 1 zm = 8 zs = 2 f = 0
zc = 9 zm = 8 zs = 3 f = 0
zc = 9 zm = 8 zs = 0 f = 5
zc = 9 zm = 8 zs = 1 f = 5
zc = 1 zm = 8 zs = 2 f = 5
zc = 9 zm = 8 zs = 3 f = 5
Selecting parameters:
zc = 9 zm = 8 zs = 0 f = 0 IDAT size = 44876
Output IDAT size = 44876 bytes (1788 bytes decrease)
Output file size = 44954 bytes (1848 bytes = 3.95% decrease)
--- finished re-building ‘Advanced.Rmd’
--- re-building ‘Basic_example.Rmd’ using knitr
** Processing: figure/unnamed-chunk-3-1.png
771x600 pixels, 3x8 bits/pixel, RGB
Input IDAT size = 55831 bytes
Input file size = 55981 bytes
Trying:
zc = 9 zm = 8 zs = 0 f = 0 IDAT size = 46600
zc = 9 zm = 8 zs = 1 f = 0
zc = 1 zm = 8 zs = 2 f = 0
zc = 9 zm = 8 zs = 3 f = 0
zc = 9 zm = 8 zs = 0 f = 5
zc = 9 zm = 8 zs = 1 f = 5
zc = 1 zm = 8 zs = 2 f = 5
zc = 9 zm = 8 zs = 3 f = 5
Selecting parameters:
zc = 9 zm = 8 zs = 0 f = 0 IDAT size = 46600
Output IDAT size = 46600 bytes (9231 bytes decrease)
Output file size = 46678 bytes (9303 bytes = 16.62% decrease)
** Processing: figure/unnamed-chunk-4-1.png
771x600 pixels, 3x8 bits/pixel, RGB
Input IDAT size = 57771 bytes
Input file size = 57933 bytes
Trying:
zc = 9 zm = 8 zs = 0 f = 0 IDAT size = 48946
zc = 9 zm = 8 zs = 1 f = 0
zc = 1 zm = 8 zs = 2 f = 0
zc = 9 zm = 8 zs = 3 f = 0
zc = 9 zm = 8 zs = 0 f = 5
zc = 9 zm = 8 zs = 1 f = 5
zc = 1 zm = 8 zs = 2 f = 5
zc = 9 zm = 8 zs = 3 f = 5
Selecting parameters:
zc = 9 zm = 8 zs = 0 f = 0 IDAT size = 48946
Output IDAT size = 48946 bytes (8825 bytes decrease)
Output file size = 49024 bytes (8909 bytes = 15.38% decrease)
** Processing: figure/unnamed-chunk-5-1.png
771x600 pixels, 3x8 bits/pixel, RGB
Input IDAT size = 75565 bytes
Input file size = 75751 bytes
Trying:
zc = 9 zm = 8 zs = 0 f = 0 IDAT size = 62170
zc = 9 zm = 8 zs = 1 f = 0
zc = 1 zm = 8 zs = 2 f = 0
zc = 9 zm = 8 zs = 3 f = 0
zc = 9 zm = 8 zs = 0 f = 5
zc = 9 zm = 8 zs = 1 f = 5
zc = 1 zm = 8 zs = 2 f = 5
zc = 9 zm = 8 zs = 3 f = 5
Selecting parameters:
zc = 9 zm = 8 zs = 0 f = 0 IDAT size = 62170
Output IDAT size = 62170 bytes (13395 bytes decrease)
Output file size = 62248 bytes (13503 bytes = 17.83% decrease)
** Processing: figure/unnamed-chunk-6-1.png
771x600 pixels, 3x8 bits/pixel, RGB
Input IDAT size = 76647 bytes
Input file size = 76833 bytes
Trying:
zc = 9 zm = 8 zs = 0 f = 0 IDAT size = 63957
zc = 9 zm = 8 zs = 1 f = 0
zc = 1 zm = 8 zs = 2 f = 0
zc = 9 zm = 8 zs = 3 f = 0
zc = 9 zm = 8 zs = 0 f = 5
zc = 9 zm = 8 zs = 1 f = 5
zc = 1 zm = 8 zs = 2 f = 5
zc = 9 zm = 8 zs = 3 f = 5
Selecting parameters:
zc = 9 zm = 8 zs = 0 f = 0 IDAT size = 63957
Output IDAT size = 63957 bytes (12690 bytes decrease)
Output file size = 64035 bytes (12798 bytes = 16.66% decrease)
** Processing: figure/unnamed-chunk-7-1.png
771x600 pixels, 3x8 bits/pixel, RGB
Input IDAT size = 53035 bytes
Input file size = 53185 bytes
Trying:
zc = 9 zm = 8 zs = 0 f = 0 IDAT size = 45579
zc = 9 zm = 8 zs = 1 f = 0
zc = 1 zm = 8 zs = 2 f = 0
zc = 9 zm = 8 zs = 3 f = 0
zc = 9 zm = 8 zs = 0 f = 5
zc = 9 zm = 8 zs = 1 f = 5
zc = 1 zm = 8 zs = 2 f = 5
zc = 9 zm = 8 zs = 3 f = 5
Selecting parameters:
zc = 9 zm = 8 zs = 0 f = 0 IDAT size = 45579
Output IDAT size = 45579 bytes (7456 bytes decrease)
Output file size = 45657 bytes (7528 bytes = 14.15% decrease)
** Processing: figure/unnamed-chunk-8-1.png
771x600 pixels, 3x8 bits/pixel, RGB
Input IDAT size = 51673 bytes
Input file size = 51823 bytes
Trying:
zc = 9 zm = 8 zs = 0 f = 0 IDAT size = 43346
zc = 9 zm = 8 zs = 1 f = 0
zc = 1 zm = 8 zs = 2 f = 0
zc = 9 zm = 8 zs = 3 f = 0
zc = 9 zm = 8 zs = 0 f = 5
zc = 9 zm = 8 zs = 1 f = 5
zc = 1 zm = 8 zs = 2 f = 5
zc = 9 zm = 8 zs = 3 f = 5
Selecting parameters:
zc = 9 zm = 8 zs = 0 f = 0 IDAT size = 43346
Output IDAT size = 43346 bytes (8327 bytes decrease)
Output file size = 43424 bytes (8399 bytes = 16.21% decrease)
** Processing: figure/unnamed-chunk-10-1.png
771x600 pixels, 3x8 bits/pixel, RGB
Input IDAT size = 115358 bytes
Input file size = 115604 bytes
Trying:
zc = 9 zm = 8 zs = 0 f = 0 IDAT size = 98875
zc = 9 zm = 8 zs = 1 f = 0
zc = 1 zm = 8 zs = 2 f = 0
zc = 9 zm = 8 zs = 3 f = 0
zc = 9 zm = 8 zs = 0 f = 5
zc = 9 zm = 8 zs = 1 f = 5
zc = 1 zm = 8 zs = 2 f = 5
zc = 9 zm = 8 zs = 3 f = 5
Selecting parameters:
zc = 9 zm = 8 zs = 0 f = 0 IDAT size = 98875
Output IDAT size = 98875 bytes (16483 bytes decrease)
Output file size = 98953 bytes (16651 bytes = 14.40% decrease)
** Processing: figure/unnamed-chunk-11-1.png
771x600 pixels, 3x8 bits/pixel, RGB
Input IDAT size = 173498 bytes
Input file size = 173828 bytes
Trying:
zc = 9 zm = 8 zs = 0 f = 0 IDAT size = 146958
zc = 9 zm = 8 zs = 1 f = 0
zc = 1 zm = 8 zs = 2 f = 0
zc = 9 zm = 8 zs = 3 f = 0
zc = 9 zm = 8 zs = 0 f = 5
zc = 9 zm = 8 zs = 1 f = 5
zc = 1 zm = 8 zs = 2 f = 5
zc = 9 zm = 8 zs = 3 f = 5
Selecting parameters:
zc = 9 zm = 8 zs = 0 f = 0 IDAT size = 146958
Output IDAT size = 146958 bytes (26540 bytes decrease)
Output file size = 147036 bytes (26792 bytes = 15.41% decrease)
** Processing: figure/unnamed-chunk-13-1.png
771x600 pixels, 3x8 bits/pixel, RGB
Input IDAT size = 122193 bytes
Input file size = 122439 bytes
Trying:
zc = 9 zm = 8 zs = 0 f = 0 IDAT size = 103779
zc = 9 zm = 8 zs = 1 f = 0
zc = 1 zm = 8 zs = 2 f = 0
zc = 9 zm = 8 zs = 3 f = 0
zc = 9 zm = 8 zs = 0 f = 5
zc = 9 zm = 8 zs = 1 f = 5
zc = 1 zm = 8 zs = 2 f = 5
zc = 9 zm = 8 zs = 3 f = 5
Selecting parameters:
zc = 9 zm = 8 zs = 0 f = 0 IDAT size = 103779
Output IDAT size = 103779 bytes (18414 bytes decrease)
Output file size = 103857 bytes (18582 bytes = 15.18% decrease)
** Processing: figure/unnamed-chunk-13-2.png
771x600 pixels, 3x8 bits/pixel, RGB
Input IDAT size = 146262 bytes
Input file size = 146544 bytes
Trying:
zc = 9 zm = 8 zs = 0 f = 0 IDAT size = 124621
zc = 9 zm = 8 zs = 1 f = 0
zc = 1 zm = 8 zs = 2 f = 0
zc = 9 zm = 8 zs = 3 f = 0
zc = 9 zm = 8 zs = 0 f = 5
zc = 9 zm = 8 zs = 1 f = 5
zc = 1 zm = 8 zs = 2 f = 5
zc = 9 zm = 8 zs = 3 f = 5
Selecting parameters:
zc = 9 zm = 8 zs = 0 f = 0 IDAT size = 124621
Output IDAT size = 124621 bytes (21641 bytes decrease)
Output file size = 124699 bytes (21845 bytes = 14.91% decrease)
--- finished re-building ‘Basic_example.Rmd’
--- re-building ‘Comparing.Rmd’ using knitr
Quitting from lines 34-58 [unnamed-chunk-2] (Comparing.Rmd)
Error: processing vignette 'Comparing.Rmd' failed with diagnostics:
Bernoulli requires the response to be numeric in {0,1}
--- failed re-building ‘Comparing.Rmd’
--- re-building ‘Outliers.Rmd’ using knitr
Warning: ggrepel: 1 unlabeled data points (too many overlaps). Consider increasing max.overlaps
** Processing: figure/unnamed-chunk-3-1.png
900x700 pixels, 3x8 bits/pixel, RGB
Input IDAT size = 178117 bytes
Input file size = 178447 bytes
Trying:
zc = 9 zm = 8 zs = 0 f = 0 IDAT size = 145684
zc = 9 zm = 8 zs = 1 f = 0
zc = 1 zm = 8 zs = 2 f = 0
zc = 9 zm = 8 zs = 3 f = 0
zc = 9 zm = 8 zs = 0 f = 5
zc = 9 zm = 8 zs = 1 f = 5
zc = 1 zm = 8 zs = 2 f = 5
zc = 9 zm = 8 zs = 3 f = 5
Selecting parameters:
zc = 9 zm = 8 zs = 0 f = 0 IDAT size = 145684
Output IDAT size = 145684 bytes (32433 bytes decrease)
Output file size = 145762 bytes (32685 bytes = 18.32% decrease)
Warning: ggrepel: 4 unlabeled data points (too many overlaps). Consider increasing max.overlaps
Warning: ggrepel: 4 unlabeled data points (too many overlaps). Consider increasing max.overlaps
Warning: ggrepel: 4 unlabeled data points (too many overlaps). Consider increasing max.overlaps
** Processing: figure/unnamed-chunk-4-1.png
900x700 pixels, 3x8 bits/pixel, RGB
Input IDAT size = 155970 bytes
Input file size = 156276 bytes
Trying:
zc = 9 zm = 8 zs = 0 f = 0 IDAT size = 133779
zc = 9 zm = 8 zs = 1 f = 0
zc = 1 zm = 8 zs = 2 f = 0
zc = 9 zm = 8 zs = 3 f = 0
zc = 9 zm = 8 zs = 0 f = 5
zc = 9 zm = 8 zs = 1 f = 5
zc = 1 zm = 8 zs = 2 f = 5
zc = 9 zm = 8 zs = 3 f = 5
Selecting parameters:
zc = 9 zm = 8 zs = 0 f = 0 IDAT size = 133779
Output IDAT size = 133779 bytes (22191 bytes decrease)
Output file size = 133857 bytes (22419 bytes = 14.35% decrease)
** Processing: figure/unnamed-chunk-4-2.png
900x700 pixels, 3x8 bits/pixel, RGB
Input IDAT size = 133279 bytes
Input file size = 133549 bytes
Trying:
zc = 9 zm = 8 zs = 0 f = 0 IDAT size = 119430
zc = 9 zm = 8 zs = 1 f = 0
zc = 1 zm = 8 zs = 2 f = 0
zc = 9 zm = 8 zs = 3 f = 0
zc = 9 zm = 8 zs = 0 f = 5
zc = 9 zm = 8 zs = 1 f = 5
zc = 1 zm = 8 zs = 2 f = 5
zc = 9 zm = 8 zs = 3 f = 5
Selecting parameters:
zc = 9 zm = 8 zs = 0 f = 0 IDAT size = 119430
Output IDAT size = 119430 bytes (13849 bytes decrease)
Output file size = 119508 bytes (14041 bytes = 10.51% decrease)
** Processing: figure/unnamed-chunk-4-3.png
900x700 pixels, 3x8 bits/pixel, RGB
Input IDAT size = 124683 bytes
Input file size = 124941 bytes
Trying:
zc = 9 zm = 8 zs = 0 f = 0 IDAT size = 107168
zc = 9 zm = 8 zs = 1 f = 0
zc = 1 zm = 8 zs = 2 f = 0
zc = 9 zm = 8 zs = 3 f = 0
zc = 9 zm = 8 zs = 0 f = 5
zc = 9 zm = 8 zs = 1 f = 5
zc = 1 zm = 8 zs = 2 f = 5
zc = 9 zm = 8 zs = 3 f = 5
Selecting parameters:
zc = 9 zm = 8 zs = 0 f = 0 IDAT size = 107168
Output IDAT size = 107168 bytes (17515 bytes decrease)
Output file size = 107246 bytes (17695 bytes = 14.16% decrease)
--- finished re-building ‘Outliers.Rmd’
SUMMARY: processing the following file failed:
‘Comparing.Rmd’
Error: Vignette re-building failed.
Execution halted
Flavor: r-devel-linux-x86_64-fedora-gcc
Version: 0.1.0
Check: re-building of vignette outputs
Result: ERROR
Error(s) in re-building vignettes:
...
--- re-building ‘Advanced.Rmd’ using knitr
** Processing: figure/unnamed-chunk-2-1.png
771x600 pixels, 3x8 bits/pixel, RGB
Input IDAT size = 59322 bytes
Input file size = 59484 bytes
Trying:
zc = 9 zm = 8 zs = 0 f = 0 IDAT size = 49853
zc = 9 zm = 8 zs = 1 f = 0
zc = 1 zm = 8 zs = 2 f = 0
zc = 9 zm = 8 zs = 3 f = 0
zc = 9 zm = 8 zs = 0 f = 5
zc = 9 zm = 8 zs = 1 f = 5
zc = 1 zm = 8 zs = 2 f = 5
zc = 9 zm = 8 zs = 3 f = 5
Selecting parameters:
zc = 9 zm = 8 zs = 0 f = 0 IDAT size = 49853
Output IDAT size = 49853 bytes (9469 bytes decrease)
Output file size = 49931 bytes (9553 bytes = 16.06% decrease)
** Processing: figure/unnamed-chunk-3-1.png
771x600 pixels, 3x8 bits/pixel, RGB
Input IDAT size = 60998 bytes
Input file size = 61160 bytes
Trying:
zc = 9 zm = 8 zs = 0 f = 0 IDAT size = 50915
zc = 9 zm = 8 zs = 1 f = 0
zc = 1 zm = 8 zs = 2 f = 0
zc = 9 zm = 8 zs = 3 f = 0
zc = 9 zm = 8 zs = 0 f = 5
zc = 9 zm = 8 zs = 1 f = 5
zc = 1 zm = 8 zs = 2 f = 5
zc = 9 zm = 8 zs = 3 f = 5
Selecting parameters:
zc = 9 zm = 8 zs = 0 f = 0 IDAT size = 50915
Output IDAT size = 50915 bytes (10083 bytes decrease)
Output file size = 50993 bytes (10167 bytes = 16.62% decrease)
** Processing: figure/unnamed-chunk-4-1.png
771x600 pixels, 3x8 bits/pixel, RGB
Input IDAT size = 79380 bytes
Input file size = 79566 bytes
Trying:
zc = 9 zm = 8 zs = 0 f = 0 IDAT size = 69373
zc = 9 zm = 8 zs = 1 f = 0
zc = 1 zm = 8 zs = 2 f = 0
zc = 9 zm = 8 zs = 3 f = 0
zc = 9 zm = 8 zs = 0 f = 5
zc = 9 zm = 8 zs = 1 f = 5
zc = 1 zm = 8 zs = 2 f = 5
zc = 9 zm = 8 zs = 3 f = 5
Selecting parameters:
zc = 9 zm = 8 zs = 0 f = 0 IDAT size = 69373
Output IDAT size = 69373 bytes (10007 bytes decrease)
Output file size = 69451 bytes (10115 bytes = 12.71% decrease)
** Processing: figure/unnamed-chunk-5-1.png
771x600 pixels, 3x8 bits/pixel, RGB
Input IDAT size = 85905 bytes
Input file size = 86103 bytes
Trying:
zc = 9 zm = 8 zs = 0 f = 0 IDAT size = 74310
zc = 9 zm = 8 zs = 1 f = 0
zc = 1 zm = 8 zs = 2 f = 0
zc = 9 zm = 8 zs = 3 f = 0
zc = 9 zm = 8 zs = 0 f = 5
zc = 9 zm = 8 zs = 1 f = 5
zc = 1 zm = 8 zs = 2 f = 5
zc = 9 zm = 8 zs = 3 f = 5
Selecting parameters:
zc = 9 zm = 8 zs = 0 f = 0 IDAT size = 74310
Output IDAT size = 74310 bytes (11595 bytes decrease)
Output file size = 74388 bytes (11715 bytes = 13.61% decrease)
** Processing: figure/unnamed-chunk-5-2.png
771x600 pixels, 3x8 bits/pixel, RGB
Input IDAT size = 82133 bytes
Input file size = 82331 bytes
Trying:
zc = 9 zm = 8 zs = 0 f = 0 IDAT size = 79526
zc = 9 zm = 8 zs = 1 f = 0
zc = 1 zm = 8 zs = 2 f = 0
zc = 9 zm = 8 zs = 3 f = 0
zc = 9 zm = 8 zs = 0 f = 5
zc = 9 zm = 8 zs = 1 f = 5
zc = 1 zm = 8 zs = 2 f = 5
zc = 9 zm = 8 zs = 3 f = 5
Selecting parameters:
zc = 9 zm = 8 zs = 0 f = 0 IDAT size = 79526
Output IDAT size = 79526 bytes (2607 bytes decrease)
Output file size = 79604 bytes (2727 bytes = 3.31% decrease)
** Processing: figure/unnamed-chunk-5-3.png
771x600 pixels, 3x8 bits/pixel, RGB
Input IDAT size = 54780 bytes
Input file size = 54930 bytes
Trying:
zc = 9 zm = 8 zs = 0 f = 0 IDAT size = 48985
zc = 9 zm = 8 zs = 1 f = 0
zc = 1 zm = 8 zs = 2 f = 0
zc = 9 zm = 8 zs = 3 f = 0
zc = 9 zm = 8 zs = 0 f = 5
zc = 9 zm = 8 zs = 1 f = 5
zc = 1 zm = 8 zs = 2 f = 5
zc = 9 zm = 8 zs = 3 f = 5
Selecting parameters:
zc = 9 zm = 8 zs = 0 f = 0 IDAT size = 48985
Output IDAT size = 48985 bytes (5795 bytes decrease)
Output file size = 49063 bytes (5867 bytes = 10.68% decrease)
** Processing: figure/unnamed-chunk-5-4.png
771x600 pixels, 3x8 bits/pixel, RGB
Input IDAT size = 46664 bytes
Input file size = 46802 bytes
Trying:
zc = 9 zm = 8 zs = 0 f = 0 IDAT size = 44876
zc = 9 zm = 8 zs = 1 f = 0
zc = 1 zm = 8 zs = 2 f = 0
zc = 9 zm = 8 zs = 3 f = 0
zc = 9 zm = 8 zs = 0 f = 5
zc = 9 zm = 8 zs = 1 f = 5
zc = 1 zm = 8 zs = 2 f = 5
zc = 9 zm = 8 zs = 3 f = 5
Selecting parameters:
zc = 9 zm = 8 zs = 0 f = 0 IDAT size = 44876
Output IDAT size = 44876 bytes (1788 bytes decrease)
Output file size = 44954 bytes (1848 bytes = 3.95% decrease)
--- finished re-building ‘Advanced.Rmd’
--- re-building ‘Basic_example.Rmd’ using knitr
** Processing: figure/unnamed-chunk-3-1.png
771x600 pixels, 3x8 bits/pixel, RGB
Input IDAT size = 55825 bytes
Input file size = 55975 bytes
Trying:
zc = 9 zm = 8 zs = 0 f = 0 IDAT size = 46598
zc = 9 zm = 8 zs = 1 f = 0
zc = 1 zm = 8 zs = 2 f = 0
zc = 9 zm = 8 zs = 3 f = 0
zc = 9 zm = 8 zs = 0 f = 5
zc = 9 zm = 8 zs = 1 f = 5
zc = 1 zm = 8 zs = 2 f = 5
zc = 9 zm = 8 zs = 3 f = 5
Selecting parameters:
zc = 9 zm = 8 zs = 0 f = 0 IDAT size = 46598
Output IDAT size = 46598 bytes (9227 bytes decrease)
Output file size = 46676 bytes (9299 bytes = 16.61% decrease)
** Processing: figure/unnamed-chunk-4-1.png
771x600 pixels, 3x8 bits/pixel, RGB
Input IDAT size = 57771 bytes
Input file size = 57933 bytes
Trying:
zc = 9 zm = 8 zs = 0 f = 0 IDAT size = 48944
zc = 9 zm = 8 zs = 1 f = 0
zc = 1 zm = 8 zs = 2 f = 0
zc = 9 zm = 8 zs = 3 f = 0
zc = 9 zm = 8 zs = 0 f = 5
zc = 9 zm = 8 zs = 1 f = 5
zc = 1 zm = 8 zs = 2 f = 5
zc = 9 zm = 8 zs = 3 f = 5
Selecting parameters:
zc = 9 zm = 8 zs = 0 f = 0 IDAT size = 48944
Output IDAT size = 48944 bytes (8827 bytes decrease)
Output file size = 49022 bytes (8911 bytes = 15.38% decrease)
** Processing: figure/unnamed-chunk-5-1.png
771x600 pixels, 3x8 bits/pixel, RGB
Input IDAT size = 75568 bytes
Input file size = 75754 bytes
Trying:
zc = 9 zm = 8 zs = 0 f = 0 IDAT size = 62169
zc = 9 zm = 8 zs = 1 f = 0
zc = 1 zm = 8 zs = 2 f = 0
zc = 9 zm = 8 zs = 3 f = 0
zc = 9 zm = 8 zs = 0 f = 5
zc = 9 zm = 8 zs = 1 f = 5
zc = 1 zm = 8 zs = 2 f = 5
zc = 9 zm = 8 zs = 3 f = 5
Selecting parameters:
zc = 9 zm = 8 zs = 0 f = 0 IDAT size = 62169
Output IDAT size = 62169 bytes (13399 bytes decrease)
Output file size = 62247 bytes (13507 bytes = 17.83% decrease)
** Processing: figure/unnamed-chunk-6-1.png
771x600 pixels, 3x8 bits/pixel, RGB
Input IDAT size = 76646 bytes
Input file size = 76832 bytes
Trying:
zc = 9 zm = 8 zs = 0 f = 0 IDAT size = 63958
zc = 9 zm = 8 zs = 1 f = 0
zc = 1 zm = 8 zs = 2 f = 0
zc = 9 zm = 8 zs = 3 f = 0
zc = 9 zm = 8 zs = 0 f = 5
zc = 9 zm = 8 zs = 1 f = 5
zc = 1 zm = 8 zs = 2 f = 5
zc = 9 zm = 8 zs = 3 f = 5
Selecting parameters:
zc = 9 zm = 8 zs = 0 f = 0 IDAT size = 63958
Output IDAT size = 63958 bytes (12688 bytes decrease)
Output file size = 64036 bytes (12796 bytes = 16.65% decrease)
** Processing: figure/unnamed-chunk-7-1.png
771x600 pixels, 3x8 bits/pixel, RGB
Input IDAT size = 53035 bytes
Input file size = 53185 bytes
Trying:
zc = 9 zm = 8 zs = 0 f = 0 IDAT size = 45579
zc = 9 zm = 8 zs = 1 f = 0
zc = 1 zm = 8 zs = 2 f = 0
zc = 9 zm = 8 zs = 3 f = 0
zc = 9 zm = 8 zs = 0 f = 5
zc = 9 zm = 8 zs = 1 f = 5
zc = 1 zm = 8 zs = 2 f = 5
zc = 9 zm = 8 zs = 3 f = 5
Selecting parameters:
zc = 9 zm = 8 zs = 0 f = 0 IDAT size = 45579
Output IDAT size = 45579 bytes (7456 bytes decrease)
Output file size = 45657 bytes (7528 bytes = 14.15% decrease)
** Processing: figure/unnamed-chunk-8-1.png
771x600 pixels, 3x8 bits/pixel, RGB
Input IDAT size = 51673 bytes
Input file size = 51823 bytes
Trying:
zc = 9 zm = 8 zs = 0 f = 0 IDAT size = 43346
zc = 9 zm = 8 zs = 1 f = 0
zc = 1 zm = 8 zs = 2 f = 0
zc = 9 zm = 8 zs = 3 f = 0
zc = 9 zm = 8 zs = 0 f = 5
zc = 9 zm = 8 zs = 1 f = 5
zc = 1 zm = 8 zs = 2 f = 5
zc = 9 zm = 8 zs = 3 f = 5
Selecting parameters:
zc = 9 zm = 8 zs = 0 f = 0 IDAT size = 43346
Output IDAT size = 43346 bytes (8327 bytes decrease)
Output file size = 43424 bytes (8399 bytes = 16.21% decrease)
** Processing: figure/unnamed-chunk-10-1.png
771x600 pixels, 3x8 bits/pixel, RGB
Input IDAT size = 115354 bytes
Input file size = 115600 bytes
Trying:
zc = 9 zm = 8 zs = 0 f = 0 IDAT size = 98863
zc = 9 zm = 8 zs = 1 f = 0
zc = 1 zm = 8 zs = 2 f = 0
zc = 9 zm = 8 zs = 3 f = 0
zc = 9 zm = 8 zs = 0 f = 5
zc = 9 zm = 8 zs = 1 f = 5
zc = 1 zm = 8 zs = 2 f = 5
zc = 9 zm = 8 zs = 3 f = 5
Selecting parameters:
zc = 9 zm = 8 zs = 0 f = 0 IDAT size = 98863
Output IDAT size = 98863 bytes (16491 bytes decrease)
Output file size = 98941 bytes (16659 bytes = 14.41% decrease)
** Processing: figure/unnamed-chunk-11-1.png
771x600 pixels, 3x8 bits/pixel, RGB
Input IDAT size = 173509 bytes
Input file size = 173839 bytes
Trying:
zc = 9 zm = 8 zs = 0 f = 0 IDAT size = 146962
zc = 9 zm = 8 zs = 1 f = 0
zc = 1 zm = 8 zs = 2 f = 0
zc = 9 zm = 8 zs = 3 f = 0
zc = 9 zm = 8 zs = 0 f = 5
zc = 9 zm = 8 zs = 1 f = 5
zc = 1 zm = 8 zs = 2 f = 5
zc = 9 zm = 8 zs = 3 f = 5
Selecting parameters:
zc = 9 zm = 8 zs = 0 f = 0 IDAT size = 146962
Output IDAT size = 146962 bytes (26547 bytes decrease)
Output file size = 147040 bytes (26799 bytes = 15.42% decrease)
** Processing: figure/unnamed-chunk-13-1.png
771x600 pixels, 3x8 bits/pixel, RGB
Input IDAT size = 122185 bytes
Input file size = 122431 bytes
Trying:
zc = 9 zm = 8 zs = 0 f = 0 IDAT size = 103793
zc = 9 zm = 8 zs = 1 f = 0
zc = 1 zm = 8 zs = 2 f = 0
zc = 9 zm = 8 zs = 3 f = 0
zc = 9 zm = 8 zs = 0 f = 5
zc = 9 zm = 8 zs = 1 f = 5
zc = 1 zm = 8 zs = 2 f = 5
zc = 9 zm = 8 zs = 3 f = 5
Selecting parameters:
zc = 9 zm = 8 zs = 0 f = 0 IDAT size = 103793
Output IDAT size = 103793 bytes (18392 bytes decrease)
Output file size = 103871 bytes (18560 bytes = 15.16% decrease)
** Processing: figure/unnamed-chunk-13-2.png
771x600 pixels, 3x8 bits/pixel, RGB
Input IDAT size = 146262 bytes
Input file size = 146544 bytes
Trying:
zc = 9 zm = 8 zs = 0 f = 0 IDAT size = 124615
zc = 9 zm = 8 zs = 1 f = 0
zc = 1 zm = 8 zs = 2 f = 0
zc = 9 zm = 8 zs = 3 f = 0
zc = 9 zm = 8 zs = 0 f = 5
zc = 9 zm = 8 zs = 1 f = 5
zc = 1 zm = 8 zs = 2 f = 5
zc = 9 zm = 8 zs = 3 f = 5
Selecting parameters:
zc = 9 zm = 8 zs = 0 f = 0 IDAT size = 124615
Output IDAT size = 124615 bytes (21647 bytes decrease)
Output file size = 124693 bytes (21851 bytes = 14.91% decrease)
--- finished re-building ‘Basic_example.Rmd’
--- re-building ‘Comparing.Rmd’ using knitr
Quitting from lines 34-58 [unnamed-chunk-2] (Comparing.Rmd)
Error: processing vignette 'Comparing.Rmd' failed with diagnostics:
Bernoulli requires the response to be numeric in {0,1}
--- failed re-building ‘Comparing.Rmd’
--- re-building ‘Outliers.Rmd’ using knitr
Warning: ggrepel: 1 unlabeled data points (too many overlaps). Consider increasing max.overlaps
** Processing: figure/unnamed-chunk-3-1.png
900x700 pixels, 3x8 bits/pixel, RGB
Input IDAT size = 178175 bytes
Input file size = 178505 bytes
Trying:
zc = 9 zm = 8 zs = 0 f = 0 IDAT size = 145727
zc = 9 zm = 8 zs = 1 f = 0
zc = 1 zm = 8 zs = 2 f = 0
zc = 9 zm = 8 zs = 3 f = 0
zc = 9 zm = 8 zs = 0 f = 5
zc = 9 zm = 8 zs = 1 f = 5
zc = 1 zm = 8 zs = 2 f = 5
zc = 9 zm = 8 zs = 3 f = 5
Selecting parameters:
zc = 9 zm = 8 zs = 0 f = 0 IDAT size = 145727
Output IDAT size = 145727 bytes (32448 bytes decrease)
Output file size = 145805 bytes (32700 bytes = 18.32% decrease)
Warning: ggrepel: 4 unlabeled data points (too many overlaps). Consider increasing max.overlaps
Warning: ggrepel: 4 unlabeled data points (too many overlaps). Consider increasing max.overlaps
Warning: ggrepel: 4 unlabeled data points (too many overlaps). Consider increasing max.overlaps
** Processing: figure/unnamed-chunk-4-1.png
900x700 pixels, 3x8 bits/pixel, RGB
Input IDAT size = 156312 bytes
Input file size = 156618 bytes
Trying:
zc = 9 zm = 8 zs = 0 f = 0 IDAT size = 133874
zc = 9 zm = 8 zs = 1 f = 0
zc = 1 zm = 8 zs = 2 f = 0
zc = 9 zm = 8 zs = 3 f = 0
zc = 9 zm = 8 zs = 0 f = 5
zc = 9 zm = 8 zs = 1 f = 5
zc = 1 zm = 8 zs = 2 f = 5
zc = 9 zm = 8 zs = 3 f = 5
Selecting parameters:
zc = 9 zm = 8 zs = 0 f = 0 IDAT size = 133874
Output IDAT size = 133874 bytes (22438 bytes decrease)
Output file size = 133952 bytes (22666 bytes = 14.47% decrease)
** Processing: figure/unnamed-chunk-4-2.png
900x700 pixels, 3x8 bits/pixel, RGB
Input IDAT size = 133201 bytes
Input file size = 133471 bytes
Trying:
zc = 9 zm = 8 zs = 0 f = 0 IDAT size = 119346
zc = 9 zm = 8 zs = 1 f = 0
zc = 1 zm = 8 zs = 2 f = 0
zc = 9 zm = 8 zs = 3 f = 0
zc = 9 zm = 8 zs = 0 f = 5
zc = 9 zm = 8 zs = 1 f = 5
zc = 1 zm = 8 zs = 2 f = 5
zc = 9 zm = 8 zs = 3 f = 5
Selecting parameters:
zc = 9 zm = 8 zs = 0 f = 0 IDAT size = 119346
Output IDAT size = 119346 bytes (13855 bytes decrease)
Output file size = 119424 bytes (14047 bytes = 10.52% decrease)
** Processing: figure/unnamed-chunk-4-3.png
900x700 pixels, 3x8 bits/pixel, RGB
Input IDAT size = 124635 bytes
Input file size = 124893 bytes
Trying:
zc = 9 zm = 8 zs = 0 f = 0 IDAT size = 107162
zc = 9 zm = 8 zs = 1 f = 0
zc = 1 zm = 8 zs = 2 f = 0
zc = 9 zm = 8 zs = 3 f = 0
zc = 9 zm = 8 zs = 0 f = 5
zc = 9 zm = 8 zs = 1 f = 5
zc = 1 zm = 8 zs = 2 f = 5
zc = 9 zm = 8 zs = 3 f = 5
Selecting parameters:
zc = 9 zm = 8 zs = 0 f = 0 IDAT size = 107162
Output IDAT size = 107162 bytes (17473 bytes decrease)
Output file size = 107240 bytes (17653 bytes = 14.13% decrease)
--- finished re-building ‘Outliers.Rmd’
SUMMARY: processing the following file failed:
‘Comparing.Rmd’
Error: Vignette re-building failed.
Execution halted
Flavor: r-release-linux-x86_64
Version: 0.1.0
Check: re-building of vignette outputs
Result: ERROR
Error(s) in re-building vignettes:
--- re-building 'Advanced.Rmd' using knitr
--- finished re-building 'Advanced.Rmd'
--- re-building 'Basic_example.Rmd' using knitr
--- finished re-building 'Basic_example.Rmd'
--- re-building 'Comparing.Rmd' using knitr
Quitting from lines 34-58 [unnamed-chunk-2] (Comparing.Rmd)
Error: processing vignette 'Comparing.Rmd' failed with diagnostics:
Bernoulli requires the response to be numeric in {0,1}
--- failed re-building 'Comparing.Rmd'
--- re-building 'Outliers.Rmd' using knitr
Warning: ggrepel: 1 unlabeled data points (too many overlaps). Consider increasing max.overlaps
Warning: ggrepel: 4 unlabeled data points (too many overlaps). Consider increasing max.overlaps
Warning: ggrepel: 4 unlabeled data points (too many overlaps). Consider increasing max.overlaps
Warning: ggrepel: 4 unlabeled data points (too many overlaps). Consider increasing max.overlaps
--- finished re-building 'Outliers.Rmd'
SUMMARY: processing the following file failed:
'Comparing.Rmd'
Error: Vignette re-building failed.
Execution halted
Flavor: r-oldrel-windows-x86_64