Last updated on 2024-07-01 03:49:34 CEST.
Flavor | Version | Tinstall | Tcheck | Ttotal | Status | Flags |
---|---|---|---|---|---|---|
r-devel-linux-x86_64-debian-clang | 3.3.0 | 3.20 | 34.09 | 37.29 | OK | |
r-devel-linux-x86_64-debian-gcc | 3.3.0 | 3.09 | 26.09 | 29.18 | OK | |
r-devel-linux-x86_64-fedora-clang | 3.3.0 | 48.43 | NOTE | |||
r-devel-linux-x86_64-fedora-gcc | 3.3.0 | 44.61 | OK | |||
r-devel-windows-x86_64 | 3.3.0 | 6.00 | 51.00 | 57.00 | NOTE | |
r-patched-linux-x86_64 | 3.3.0 | 4.08 | 32.45 | 36.53 | OK | |
r-release-linux-x86_64 | 3.3.0 | 3.42 | 31.84 | 35.26 | OK | |
r-release-macos-arm64 | 3.3.0 | 19.00 | NOTE | |||
r-release-macos-x86_64 | 3.3.0 | 33.00 | NOTE | |||
r-release-windows-x86_64 | 3.3.0 | 6.00 | 51.00 | 57.00 | NOTE | |
r-oldrel-macos-arm64 | 3.3.0 | 25.00 | NOTE | |||
r-oldrel-macos-x86_64 | 3.3.0 | 40.00 | NOTE | |||
r-oldrel-windows-x86_64 | 3.3.0 | 6.00 | 55.00 | 61.00 | NOTE |
Version: 3.3.0
Check: installed package size
Result: NOTE
installed size is 6.6Mb
sub-directories of 1Mb or more:
help 1.3Mb
htmlwidgets 5.2Mb
Flavors: r-devel-linux-x86_64-fedora-clang, r-devel-windows-x86_64, r-release-macos-arm64, r-release-macos-x86_64, r-release-windows-x86_64, r-oldrel-macos-arm64, r-oldrel-macos-x86_64, r-oldrel-windows-x86_64