Last updated on 2024-07-01 03:49:33 CEST.
Flavor | Version | Tinstall | Tcheck | Ttotal | Status | Flags |
---|---|---|---|---|---|---|
r-devel-linux-x86_64-debian-clang | 0.10.0 | 152.35 | 233.91 | 386.26 | OK | |
r-devel-linux-x86_64-debian-gcc | 0.10.0 | 124.32 | 162.32 | 286.64 | OK | |
r-devel-linux-x86_64-fedora-clang | 0.10.0 | 494.29 | NOTE | |||
r-devel-linux-x86_64-fedora-gcc | 0.10.0 | 573.26 | OK | |||
r-devel-windows-x86_64 | 0.10.0 | 111.00 | 338.00 | 449.00 | NOTE | |
r-patched-linux-x86_64 | 0.10.0 | 146.18 | 235.46 | 381.64 | OK | |
r-release-linux-x86_64 | 0.10.0 | 150.56 | 234.13 | 384.69 | OK | |
r-release-macos-arm64 | 0.10.0 | 139.00 | NOTE | |||
r-release-macos-x86_64 | 0.10.0 | 241.00 | NOTE | |||
r-release-windows-x86_64 | 0.10.0 | 110.00 | 335.00 | 445.00 | NOTE | |
r-oldrel-macos-arm64 | 0.10.0 | 152.00 | NOTE | |||
r-oldrel-macos-x86_64 | 0.10.0 | 389.00 | NOTE | |||
r-oldrel-windows-x86_64 | 0.10.0 | 138.00 | 372.00 | 510.00 | NOTE |
Version: 0.10.0
Check: installed package size
Result: NOTE
installed size is 6.4Mb
sub-directories of 1Mb or more:
doc 1.4Mb
libs 4.8Mb
Flavors: r-devel-linux-x86_64-fedora-clang, r-devel-windows-x86_64, r-release-macos-arm64, r-release-macos-x86_64, r-release-windows-x86_64, r-oldrel-macos-arm64, r-oldrel-macos-x86_64, r-oldrel-windows-x86_64