Last updated on 2024-07-01 03:49:33 CEST.
Flavor | Version | Tinstall | Tcheck | Ttotal | Status | Flags |
---|---|---|---|---|---|---|
r-devel-linux-x86_64-debian-clang | 1.4.0 | 10.50 | 95.67 | 106.17 | NOTE | |
r-devel-linux-x86_64-debian-gcc | 1.4.0 | 8.98 | 71.26 | 80.24 | NOTE | |
r-devel-linux-x86_64-fedora-clang | 1.4.0 | 131.17 | NOTE | |||
r-devel-linux-x86_64-fedora-gcc | 1.4.0 | 125.58 | NOTE | |||
r-devel-windows-x86_64 | 1.4.0 | 11.00 | 94.00 | 105.00 | NOTE | |
r-patched-linux-x86_64 | 1.4.0 | 10.04 | 89.88 | 99.92 | NOTE | |
r-release-linux-x86_64 | 1.4.0 | 10.57 | 90.40 | 100.97 | NOTE | |
r-release-macos-arm64 | 1.4.0 | 37.00 | NOTE | |||
r-release-macos-x86_64 | 1.4.0 | 58.00 | NOTE | |||
r-release-windows-x86_64 | 1.4.0 | 11.00 | 94.00 | 105.00 | NOTE | |
r-oldrel-macos-arm64 | 1.4.0 | 43.00 | NOTE | |||
r-oldrel-macos-x86_64 | 1.4.0 | 70.00 | NOTE | |||
r-oldrel-windows-x86_64 | 1.4.0 | 13.00 | 111.00 | 124.00 | NOTE |
Version: 1.4.0
Check: LazyData
Result: NOTE
'LazyData' is specified without a 'data' directory
Flavors: r-devel-linux-x86_64-debian-clang, r-devel-linux-x86_64-debian-gcc, r-devel-linux-x86_64-fedora-clang, r-devel-linux-x86_64-fedora-gcc, r-devel-windows-x86_64, r-patched-linux-x86_64, r-release-linux-x86_64, r-release-macos-arm64, r-release-macos-x86_64, r-release-windows-x86_64, r-oldrel-macos-arm64, r-oldrel-macos-x86_64, r-oldrel-windows-x86_64