Last updated on 2024-07-01 03:49:33 CEST.
Flavor | Version | Tinstall | Tcheck | Ttotal | Status | Flags |
---|---|---|---|---|---|---|
r-devel-linux-x86_64-debian-clang | 0.6.5 | 50.36 | 280.23 | 330.59 | NOTE | |
r-devel-linux-x86_64-debian-gcc | 0.6.5 | 38.86 | 195.44 | 234.30 | NOTE | |
r-devel-linux-x86_64-fedora-clang | 0.6.5 | 410.62 | NOTE | |||
r-devel-linux-x86_64-fedora-gcc | 0.6.5 | 402.79 | NOTE | |||
r-devel-windows-x86_64 | 0.6.5 | 71.00 | 230.00 | 301.00 | NOTE | |
r-patched-linux-x86_64 | 0.6.5 | 44.19 | 258.28 | 302.47 | OK | |
r-release-linux-x86_64 | 0.6.5 | 46.03 | 263.05 | 309.08 | OK | |
r-release-macos-arm64 | 0.6.5 | 115.00 | OK | |||
r-release-macos-x86_64 | 0.6.5 | 178.00 | OK | |||
r-release-windows-x86_64 | 0.6.5 | 72.00 | 227.00 | 299.00 | OK | |
r-oldrel-macos-arm64 | 0.6.5 | 119.00 | OK | |||
r-oldrel-macos-x86_64 | 0.6.5 | 269.00 | OK | |||
r-oldrel-windows-x86_64 | 0.6.5 | 82.00 | 295.00 | 377.00 | OK |
Version: 0.6.5
Check: compiled code
Result: NOTE
File ‘vctrs/libs/vctrs.so’:
Found non-API calls to R: ‘FRAME’, ‘HASHTAB’, ‘LEVELS’, ‘PRENV’,
‘PRVALUE’, ‘R_PromiseExpr’, ‘Rf_findVarInFrame3’, ‘SETLENGTH’,
‘SET_BODY’, ‘SET_CLOENV’, ‘SET_ENCLOS’, ‘SET_FORMALS’,
‘SET_GROWABLE_BIT’, ‘SET_S4_OBJECT’, ‘SET_TRUELENGTH’,
‘STDVEC_DATAPTR’, ‘STRING_PTR’, ‘TRUELENGTH’, ‘UNSET_S4_OBJECT’
Compiled code should not call non-API entry points in R.
See ‘Writing portable packages’ in the ‘Writing R Extensions’ manual.
See section ‘Moving into C API compliance’ in the ‘Writing R
Extensions’ manual for issues with use of non-API entry points.
Flavors: r-devel-linux-x86_64-debian-clang, r-devel-linux-x86_64-debian-gcc, r-devel-linux-x86_64-fedora-gcc
Version: 0.6.5
Check: compiled code
Result: NOTE
File ‘vctrs/libs/vctrs.so’:
Found non-API calls to R: ‘FRAME’, ‘HASHTAB’, ‘LEVELS’, ‘PRENV’,
‘PRVALUE’, ‘R_PromiseExpr’, ‘Rf_findVarInFrame3’, ‘SETLENGTH’,
‘SET_BODY’, ‘SET_CLOENV’, ‘SET_ENCLOS’, ‘SET_FORMALS’,
‘SET_GROWABLE_BIT’, ‘SET_S4_OBJECT’, ‘SET_TRUELENGTH’,
‘STDVEC_DATAPTR’, ‘STRING_PTR’, ‘TRUELENGTH’, ‘UNSET_S4_OBJECT’
Compiled code should not call non-API entry points in R.
See ‘Writing portable packages’ in the ‘Writing R Extensions’ manual,
and section ‘Moving into C API compliance’ for issues with the use of
non-API entry points.
Flavor: r-devel-linux-x86_64-fedora-clang
Version: 0.6.5
Check: compiled code
Result: NOTE
File 'vctrs/libs/x64/vctrs.dll':
Found non-API calls to R: 'FRAME', 'HASHTAB', 'LEVELS', 'PRENV',
'PRVALUE', 'R_PromiseExpr', 'Rf_findVarInFrame3', 'SETLENGTH',
'SET_BODY', 'SET_CLOENV', 'SET_ENCLOS', 'SET_FORMALS',
'SET_GROWABLE_BIT', 'SET_S4_OBJECT', 'SET_TRUELENGTH',
'STDVEC_DATAPTR', 'STRING_PTR', 'TRUELENGTH', 'UNSET_S4_OBJECT'
Compiled code should not call non-API entry points in R.
See 'Writing portable packages' in the 'Writing R Extensions' manual.
See section 'Moving into C API compliance' in the 'Writing R
Extensions' manual for issues with use of non-API entry points.
Flavor: r-devel-windows-x86_64