Last updated on 2024-07-01 03:49:33 CEST.
Flavor | Version | Tinstall | Tcheck | Ttotal | Status | Flags |
---|---|---|---|---|---|---|
r-devel-linux-x86_64-debian-clang | 0.10.0 | 135.05 | 70.92 | 205.97 | OK | |
r-devel-linux-x86_64-debian-gcc | 0.10.0 | 90.86 | 52.30 | 143.16 | OK | |
r-devel-linux-x86_64-fedora-clang | 0.10.0 | 293.49 | OK | |||
r-devel-linux-x86_64-fedora-gcc | 0.10.0 | 311.48 | OK | |||
r-devel-windows-x86_64 | 0.10.0 | 118.00 | 560.00 | 678.00 | NOTE | |
r-patched-linux-x86_64 | 0.10.0 | 115.34 | 66.99 | 182.33 | OK | |
r-release-linux-x86_64 | 0.10.0 | 115.45 | 68.10 | 183.55 | OK | |
r-release-macos-arm64 | 0.10.0 | 129.00 | NOTE | |||
r-release-macos-x86_64 | 0.10.0 | 243.00 | NOTE | |||
r-release-windows-x86_64 | 0.10.0 | 123.00 | 529.00 | 652.00 | NOTE | |
r-oldrel-macos-arm64 | 0.10.0 | 109.00 | NOTE | |||
r-oldrel-macos-x86_64 | 0.10.0 | 219.00 | NOTE | |||
r-oldrel-windows-x86_64 | 0.10.0 | 118.00 | 702.00 | 820.00 | NOTE |
Version: 0.10.0
Check: installed package size
Result: NOTE
installed size is 105.8Mb
sub-directories of 1Mb or more:
extdata 2.8Mb
gdal 3.0Mb
libs 90.2Mb
proj 8.4Mb
Flavors: r-devel-windows-x86_64, r-release-macos-arm64, r-release-macos-x86_64, r-release-windows-x86_64, r-oldrel-macos-arm64, r-oldrel-macos-x86_64, r-oldrel-windows-x86_64