Last updated on 2024-07-01 03:49:32 CEST.
Flavor | Version | Tinstall | Tcheck | Ttotal | Status | Flags |
---|---|---|---|---|---|---|
r-devel-linux-x86_64-debian-clang | 2.2.3 | 12.95 | 189.90 | 202.85 | OK | |
r-devel-linux-x86_64-debian-gcc | 2.2.3 | 10.05 | 138.22 | 148.27 | OK | |
r-devel-linux-x86_64-fedora-clang | 2.2.3 | 242.09 | NOTE | |||
r-devel-linux-x86_64-fedora-gcc | 2.2.3 | 229.37 | OK | |||
r-devel-windows-x86_64 | 2.2.3 | 13.00 | 174.00 | 187.00 | OK | |
r-patched-linux-x86_64 | 2.2.3 | 14.72 | 177.50 | 192.22 | OK | |
r-release-linux-x86_64 | 2.2.3 | 12.97 | 180.98 | 193.95 | OK | |
r-release-macos-arm64 | 2.2.3 | 58.00 | OK | |||
r-release-macos-x86_64 | 2.2.3 | 94.00 | OK | |||
r-release-windows-x86_64 | 2.2.3 | 13.00 | 164.00 | 177.00 | OK | |
r-oldrel-macos-arm64 | 2.2.3 | 61.00 | OK | |||
r-oldrel-macos-x86_64 | 2.2.3 | 115.00 | OK | |||
r-oldrel-windows-x86_64 | 2.2.3 | 15.00 | 182.00 | 197.00 | OK |
Version: 2.2.3
Check: Rd cross-references
Result: NOTE
Undeclared package ‘devtools’ in Rd xrefs
Flavor: r-devel-linux-x86_64-fedora-clang