Last updated on 2024-07-01 03:49:32 CEST.
Flavor | Version | Tinstall | Tcheck | Ttotal | Status | Flags |
---|---|---|---|---|---|---|
r-devel-linux-x86_64-debian-clang | 0.3.1 | 5.51 | 59.55 | 65.06 | OK | |
r-devel-linux-x86_64-debian-gcc | 0.3.1 | 4.94 | 44.60 | 49.54 | OK | |
r-devel-linux-x86_64-fedora-clang | 0.3.1 | 81.11 | NOTE | |||
r-devel-linux-x86_64-fedora-gcc | 0.3.1 | 77.39 | NOTE | |||
r-devel-windows-x86_64 | 0.3.1 | 7.00 | 72.00 | 79.00 | OK | |
r-patched-linux-x86_64 | 0.3.1 | 6.43 | 55.86 | 62.29 | OK | |
r-release-linux-x86_64 | 0.3.1 | 5.98 | 56.74 | 62.72 | OK | |
r-release-macos-arm64 | 0.3.1 | 26.00 | OK | |||
r-release-macos-x86_64 | 0.3.1 | 52.00 | OK | |||
r-release-windows-x86_64 | 0.3.1 | 8.00 | 72.00 | 80.00 | OK | |
r-oldrel-macos-arm64 | 0.3.1 | 33.00 | OK | |||
r-oldrel-macos-x86_64 | 0.3.1 | 58.00 | OK | |||
r-oldrel-windows-x86_64 | 0.3.1 | 10.00 | 83.00 | 93.00 | OK |
Version: 0.3.1
Check: data for non-ASCII characters
Result: NOTE
Note: found 9 marked UTF-8 strings
Flavors: r-devel-linux-x86_64-fedora-clang, r-devel-linux-x86_64-fedora-gcc