Last updated on 2024-07-01 03:49:32 CEST.
Flavor | Version | Tinstall | Tcheck | Ttotal | Status | Flags |
---|---|---|---|---|---|---|
r-devel-linux-x86_64-debian-clang | 0.2.0 | 8.61 | 65.06 | 73.67 | OK | |
r-devel-linux-x86_64-debian-gcc | 0.2.0 | 8.20 | 46.93 | 55.13 | OK | |
r-devel-linux-x86_64-fedora-clang | 0.2.0 | 93.00 | NOTE | |||
r-devel-linux-x86_64-fedora-gcc | 0.2.0 | 88.30 | NOTE | |||
r-devel-windows-x86_64 | 0.2.0 | 11.00 | 65.00 | 76.00 | OK | |
r-patched-linux-x86_64 | 0.2.0 | 14.21 | 59.89 | 74.10 | OK | |
r-release-linux-x86_64 | 0.2.0 | 5.95 | 60.07 | 66.02 | OK | |
r-release-macos-arm64 | 0.2.0 | 27.00 | OK | |||
r-release-macos-x86_64 | 0.2.0 | 43.00 | OK | |||
r-release-windows-x86_64 | 0.2.0 | 11.00 | 64.00 | 75.00 | OK | |
r-oldrel-macos-arm64 | 0.2.0 | 29.00 | OK | |||
r-oldrel-macos-x86_64 | 0.2.0 | 42.00 | OK | |||
r-oldrel-windows-x86_64 | 0.2.0 | 13.00 | 73.00 | 86.00 | OK |
Version: 0.2.0
Check: data for non-ASCII characters
Result: NOTE
Note: found 3347 marked UTF-8 strings
Flavors: r-devel-linux-x86_64-fedora-clang, r-devel-linux-x86_64-fedora-gcc