Last updated on 2024-07-01 03:49:31 CEST.
Flavor | Version | Tinstall | Tcheck | Ttotal | Status | Flags |
---|---|---|---|---|---|---|
r-devel-linux-x86_64-debian-clang | 0.3.8 | 14.04 | 226.68 | 240.72 | NOTE | |
r-devel-linux-x86_64-debian-gcc | 0.3.8 | 11.08 | 163.12 | 174.20 | NOTE | |
r-devel-linux-x86_64-fedora-clang | 0.3.8 | 298.27 | NOTE | |||
r-devel-linux-x86_64-fedora-gcc | 0.3.8 | 286.73 | NOTE | |||
r-devel-windows-x86_64 | 0.3.8 | 12.00 | 177.00 | 189.00 | NOTE | |
r-patched-linux-x86_64 | 0.3.8 | 12.57 | 208.78 | 221.35 | NOTE | |
r-release-linux-x86_64 | 0.3.8 | 9.00 | 209.13 | 218.13 | NOTE | |
r-release-macos-arm64 | 0.3.8 | 72.00 | NOTE | |||
r-release-macos-x86_64 | 0.3.8 | 124.00 | NOTE | |||
r-release-windows-x86_64 | 0.3.8 | 14.00 | 168.00 | 182.00 | NOTE | |
r-oldrel-macos-arm64 | 0.3.8 | 85.00 | NOTE | |||
r-oldrel-macos-x86_64 | 0.3.8 | 140.00 | NOTE | |||
r-oldrel-windows-x86_64 | 0.3.8 | 16.00 | 214.00 | 230.00 | NOTE |
Version: 0.3.8
Check: package dependencies
Result: NOTE
Package which this enhances but not available for checking: ‘sl3’
Flavors: r-devel-linux-x86_64-debian-clang, r-devel-linux-x86_64-debian-gcc, r-devel-linux-x86_64-fedora-clang, r-devel-linux-x86_64-fedora-gcc, r-devel-windows-x86_64, r-patched-linux-x86_64, r-release-linux-x86_64, r-release-macos-arm64, r-release-macos-x86_64, r-release-windows-x86_64, r-oldrel-macos-arm64, r-oldrel-macos-x86_64, r-oldrel-windows-x86_64
Version: 0.3.8
Check: Rd files
Result: NOTE
checkRd: (-1) est_g_exp.Rd:55: Lost braces; missing escapes or markup?
55 | {A - delta}, {A + delta}, and {A + 2 * delta}).
| ^
checkRd: (-1) est_g_exp.Rd:55: Lost braces; missing escapes or markup?
55 | {A - delta}, {A + delta}, and {A + 2 * delta}).
| ^
checkRd: (-1) est_g_exp.Rd:55: Lost braces; missing escapes or markup?
55 | {A - delta}, {A + delta}, and {A + 2 * delta}).
| ^
Flavors: r-devel-linux-x86_64-debian-clang, r-devel-linux-x86_64-debian-gcc, r-devel-linux-x86_64-fedora-clang, r-devel-linux-x86_64-fedora-gcc, r-devel-windows-x86_64, r-patched-linux-x86_64, r-release-linux-x86_64, r-release-macos-arm64, r-release-macos-x86_64, r-release-windows-x86_64