Last updated on 2024-07-01 03:49:31 CEST.
Flavor | Version | Tinstall | Tcheck | Ttotal | Status | Flags |
---|---|---|---|---|---|---|
r-devel-linux-x86_64-debian-clang | 2.0.3 | 37.96 | 50.18 | 88.14 | NOTE | |
r-devel-linux-x86_64-debian-gcc | 2.0.3 | 34.11 | 36.78 | 70.89 | NOTE | |
r-devel-linux-x86_64-fedora-clang | 2.0.3 | 123.41 | NOTE | |||
r-devel-linux-x86_64-fedora-gcc | 2.0.3 | 131.12 | NOTE | |||
r-devel-windows-x86_64 | 2.0.3 | 36.00 | 73.00 | 109.00 | NOTE | |
r-patched-linux-x86_64 | 2.0.3 | 42.13 | 47.51 | 89.64 | OK | |
r-release-linux-x86_64 | 2.0.3 | 42.46 | 47.02 | 89.48 | OK | |
r-release-macos-arm64 | 2.0.3 | 32.00 | OK | |||
r-release-macos-x86_64 | 2.0.3 | 44.00 | OK | |||
r-release-windows-x86_64 | 2.0.3 | 38.00 | 77.00 | 115.00 | OK | |
r-oldrel-macos-arm64 | 2.0.3 | 37.00 | OK | |||
r-oldrel-macos-x86_64 | 2.0.3 | 63.00 | OK | |||
r-oldrel-windows-x86_64 | 2.0.3 | 46.00 | 80.00 | 126.00 | OK |
Version: 2.0.3
Check: compiled code
Result: NOTE
File ‘tweenr/libs/tweenr.so’:
Found non-API calls to R: ‘SETLENGTH’, ‘SET_GROWABLE_BIT’,
‘SET_TRUELENGTH’
Compiled code should not call non-API entry points in R.
See ‘Writing portable packages’ in the ‘Writing R Extensions’ manual.
See section ‘Moving into C API compliance’ in the ‘Writing R
Extensions’ manual for issues with use of non-API entry points.
Flavors: r-devel-linux-x86_64-debian-clang, r-devel-linux-x86_64-debian-gcc
Version: 2.0.3
Check: compiled code
Result: NOTE
File ‘tweenr/libs/tweenr.so’:
Found non-API calls to R: ‘SETLENGTH’, ‘SET_GROWABLE_BIT’,
‘SET_TRUELENGTH’
Compiled code should not call non-API entry points in R.
See ‘Writing portable packages’ in the ‘Writing R Extensions’ manual,
and section ‘Moving into C API compliance’ for issues with the use of
non-API entry points.
Flavor: r-devel-linux-x86_64-fedora-clang
Version: 2.0.3
Check: compiled code
Result: NOTE
File ‘tweenr/libs/tweenr.so’:
Found non-API calls to R: ‘SETLENGTH’, ‘SET_GROWABLE_BIT’,
‘SET_TRUELENGTH’
Compiled code should not call non-API entry points in R.
See ‘Writing portable packages’ in the ‘Writing R Extensions’ manual.
Flavor: r-devel-linux-x86_64-fedora-gcc
Version: 2.0.3
Check: compiled code
Result: NOTE
File 'tweenr/libs/x64/tweenr.dll':
Found non-API calls to R: 'SETLENGTH', 'SET_GROWABLE_BIT',
'SET_TRUELENGTH'
Compiled code should not call non-API entry points in R.
See 'Writing portable packages' in the 'Writing R Extensions' manual.
See section 'Moving into C API compliance' in the 'Writing R
Extensions' manual for issues with use of non-API entry points.
Flavor: r-devel-windows-x86_64