Last updated on 2024-07-01 03:49:31 CEST.
Flavor | Version | Tinstall | Tcheck | Ttotal | Status | Flags |
---|---|---|---|---|---|---|
r-devel-linux-x86_64-debian-clang | 0.3.2 | 63.56 | 90.70 | 154.26 | NOTE | |
r-devel-linux-x86_64-debian-gcc | 0.3.2 | 46.48 | 67.56 | 114.04 | NOTE | |
r-devel-linux-x86_64-fedora-clang | 0.3.2 | 228.06 | NOTE | |||
r-devel-linux-x86_64-fedora-gcc | 0.3.2 | 222.07 | NOTE | |||
r-devel-windows-x86_64 | 0.3.2 | 54.00 | 119.00 | 173.00 | NOTE | |
r-patched-linux-x86_64 | 0.3.2 | 59.08 | 86.07 | 145.15 | NOTE | |
r-release-linux-x86_64 | 0.3.2 | 56.41 | 85.57 | 141.98 | NOTE | |
r-release-macos-arm64 | 0.3.2 | 55.00 | NOTE | |||
r-release-macos-x86_64 | 0.3.2 | 76.00 | NOTE | |||
r-release-windows-x86_64 | 0.3.2 | 51.00 | 120.00 | 171.00 | NOTE | |
r-oldrel-macos-arm64 | 0.3.2 | 62.00 | NOTE | |||
r-oldrel-macos-x86_64 | 0.3.2 | 102.00 | NOTE | |||
r-oldrel-windows-x86_64 | 0.3.2 | 65.00 | 140.00 | 205.00 | NOTE |
Version: 0.3.2
Check: C++ specification
Result: NOTE
Specified C++11: please drop specification unless essential
Flavors: r-devel-linux-x86_64-debian-clang, r-devel-linux-x86_64-debian-gcc, r-devel-linux-x86_64-fedora-clang, r-devel-linux-x86_64-fedora-gcc, r-devel-windows-x86_64, r-patched-linux-x86_64, r-release-linux-x86_64, r-release-macos-arm64, r-release-macos-x86_64, r-release-windows-x86_64, r-oldrel-macos-arm64, r-oldrel-macos-x86_64, r-oldrel-windows-x86_64