Last updated on 2024-07-01 03:49:30 CEST.
Flavor | Version | Tinstall | Tcheck | Ttotal | Status | Flags |
---|---|---|---|---|---|---|
r-devel-linux-x86_64-debian-clang | 1.2.1 | 31.62 | 188.70 | 220.32 | OK | |
r-devel-linux-x86_64-debian-gcc | 1.2.1 | 21.86 | 135.88 | 157.74 | OK | |
r-devel-linux-x86_64-fedora-clang | 1.2.1 | 275.77 | NOTE | |||
r-devel-linux-x86_64-fedora-gcc | 1.2.1 | 266.59 | OK | |||
r-devel-windows-x86_64 | 1.2.1 | 24.00 | 143.00 | 167.00 | OK | |
r-patched-linux-x86_64 | 1.2.1 | 18.78 | 174.15 | 192.93 | OK | |
r-release-linux-x86_64 | 1.2.1 | 17.17 | 173.62 | 190.79 | OK | |
r-release-macos-arm64 | 1.2.1 | 67.00 | OK | |||
r-release-macos-x86_64 | 1.2.1 | 108.00 | OK | |||
r-release-windows-x86_64 | 1.2.1 | 22.00 | 149.00 | 171.00 | OK | |
r-oldrel-macos-arm64 | 1.2.1 | 73.00 | OK | |||
r-oldrel-macos-x86_64 | 1.2.1 | 156.00 | OK | |||
r-oldrel-windows-x86_64 | 1.2.1 | 30.00 | 183.00 | 213.00 | OK |
Version: 1.2.1
Check: package dependencies
Result: NOTE
Imports includes 24 non-default packages.
Importing from so many packages makes the package vulnerable to any of
them becoming unavailable. Move as many as possible to Suggests and
use conditionally.
Flavor: r-devel-linux-x86_64-fedora-clang