Last updated on 2024-07-01 03:49:30 CEST.
Flavor | Version | Tinstall | Tcheck | Ttotal | Status | Flags |
---|---|---|---|---|---|---|
r-devel-linux-x86_64-debian-clang | 0.4.1 | 10.98 | 92.85 | 103.83 | OK | |
r-devel-linux-x86_64-debian-gcc | 0.4.1 | 7.07 | 68.79 | 75.86 | OK | |
r-devel-linux-x86_64-fedora-clang | 0.4.1 | 136.79 | NOTE | |||
r-devel-linux-x86_64-fedora-gcc | 0.4.1 | 121.82 | OK | |||
r-devel-windows-x86_64 | 0.4.1 | 10.00 | 86.00 | 96.00 | OK | |
r-patched-linux-x86_64 | 0.4.1 | 8.90 | 86.75 | 95.65 | OK | |
r-release-linux-x86_64 | 0.4.1 | 6.62 | 88.47 | 95.09 | OK | |
r-release-macos-arm64 | 0.4.1 | 39.00 | OK | |||
r-release-macos-x86_64 | 0.4.1 | 100.00 | OK | |||
r-release-windows-x86_64 | 0.4.1 | 10.00 | 90.00 | 100.00 | OK | |
r-oldrel-macos-arm64 | 0.4.1 | 44.00 | OK | |||
r-oldrel-macos-x86_64 | 0.4.1 | 88.00 | OK | |||
r-oldrel-windows-x86_64 | 0.4.1 | 14.00 | 108.00 | 122.00 | OK |
Version: 0.4.1
Check: Rd cross-references
Result: NOTE
Undeclared packages ‘ggplot2’, ‘crosstalk’ in Rd xrefs
Flavor: r-devel-linux-x86_64-fedora-clang