Last updated on 2024-07-01 03:49:30 CEST.
Flavor | Version | Tinstall | Tcheck | Ttotal | Status | Flags |
---|---|---|---|---|---|---|
r-devel-linux-x86_64-debian-clang | 1.2 | 17.36 | 149.84 | 167.20 | NOTE | |
r-devel-linux-x86_64-debian-gcc | 1.2 | 14.08 | 111.06 | 125.14 | NOTE | |
r-devel-linux-x86_64-fedora-clang | 1.2 | 220.84 | NOTE | |||
r-devel-linux-x86_64-fedora-gcc | 1.2 | 197.35 | NOTE | |||
r-devel-windows-x86_64 | 1.2 | 19.00 | 120.00 | 139.00 | NOTE | |
r-patched-linux-x86_64 | 1.2 | 14.90 | 143.17 | 158.07 | NOTE | |
r-release-linux-x86_64 | 1.2 | 15.20 | 140.79 | 155.99 | NOTE | |
r-release-macos-arm64 | 1.2 | 54.00 | NOTE | |||
r-release-macos-x86_64 | 1.2 | 92.00 | NOTE | |||
r-release-windows-x86_64 | 1.2 | 19.00 | 121.00 | 140.00 | NOTE | |
r-oldrel-macos-arm64 | 1.2 | 59.00 | NOTE | |||
r-oldrel-macos-x86_64 | 1.2 | 100.00 | NOTE | |||
r-oldrel-windows-x86_64 | 1.2 | 25.00 | 147.00 | 172.00 | NOTE |
Version: 1.2
Check: LazyData
Result: NOTE
'LazyData' is specified without a 'data' directory
Flavors: r-devel-linux-x86_64-debian-clang, r-devel-linux-x86_64-debian-gcc, r-devel-linux-x86_64-fedora-clang, r-devel-linux-x86_64-fedora-gcc, r-devel-windows-x86_64, r-patched-linux-x86_64, r-release-linux-x86_64, r-release-macos-arm64, r-release-macos-x86_64, r-release-windows-x86_64, r-oldrel-macos-arm64, r-oldrel-macos-x86_64, r-oldrel-windows-x86_64
Version: 1.2
Check: compiled code
Result: NOTE
File ‘tspmeta/libs/tspmeta.so’:
Found no calls to: ‘R_registerRoutines’, ‘R_useDynamicSymbols’
It is good practice to register native routines and to disable symbol
search.
See ‘Writing portable packages’ in the ‘Writing R Extensions’ manual.
Flavors: r-devel-linux-x86_64-fedora-clang, r-devel-linux-x86_64-fedora-gcc