Last updated on 2024-07-01 03:49:30 CEST.
Flavor | Version | Tinstall | Tcheck | Ttotal | Status | Flags |
---|---|---|---|---|---|---|
r-devel-linux-x86_64-debian-clang | 0.7-2 | 15.85 | 85.06 | 100.91 | OK | |
r-devel-linux-x86_64-debian-gcc | 0.7-2 | 10.19 | 62.43 | 72.62 | OK | |
r-devel-linux-x86_64-fedora-clang | 0.7-2 | 128.87 | NOTE | |||
r-devel-linux-x86_64-fedora-gcc | 0.7-2 | 116.13 | OK | |||
r-devel-windows-x86_64 | 0.7-2 | 16.00 | 85.00 | 101.00 | OK | |
r-patched-linux-x86_64 | 0.7-2 | 14.34 | 78.80 | 93.14 | OK | |
r-release-linux-x86_64 | 0.7-2 | 11.47 | 79.78 | 91.25 | OK | |
r-release-macos-arm64 | 0.7-2 | 39.00 | OK | |||
r-release-macos-x86_64 | 0.7-2 | 61.00 | OK | |||
r-release-windows-x86_64 | 0.7-2 | 14.00 | 84.00 | 98.00 | OK | |
r-oldrel-macos-arm64 | 0.7-2 | 40.00 | OK | |||
r-oldrel-macos-x86_64 | 0.7-2 | 78.00 | OK | |||
r-oldrel-windows-x86_64 | 0.7-2 | 20.00 | 105.00 | 125.00 | OK |
Version: 0.7-2
Check: installed package size
Result: NOTE
installed size is 5.5Mb
sub-directories of 1Mb or more:
libs 5.0Mb
Flavor: r-devel-linux-x86_64-fedora-clang