Last updated on 2024-07-01 03:49:30 CEST.
Flavor | Version | Tinstall | Tcheck | Ttotal | Status | Flags |
---|---|---|---|---|---|---|
r-devel-linux-x86_64-debian-clang | 0.1-13.1 | 5.25 | 29.92 | 35.17 | OK | |
r-devel-linux-x86_64-debian-gcc | 0.1-13.1 | 3.51 | 23.45 | 26.96 | OK | |
r-devel-linux-x86_64-fedora-clang | 0.1-13.1 | 45.27 | NOTE | |||
r-devel-linux-x86_64-fedora-gcc | 0.1-13.1 | 41.67 | NOTE | |||
r-devel-windows-x86_64 | 0.1-13.1 | 9.00 | 48.00 | 57.00 | OK | |
r-patched-linux-x86_64 | 0.1-13.1 | 4.62 | 28.47 | 33.09 | OK | |
r-release-linux-x86_64 | 0.1-13.1 | 4.06 | 28.56 | 32.62 | OK | |
r-release-macos-arm64 | 0.1-13.1 | 20.00 | OK | |||
r-release-macos-x86_64 | 0.1-13.1 | 26.00 | OK | |||
r-release-windows-x86_64 | 0.1-13.1 | 9.00 | 47.00 | 56.00 | OK | |
r-oldrel-macos-arm64 | 0.1-13.1 | 30.00 | OK | |||
r-oldrel-macos-x86_64 | 0.1-13.1 | 27.00 | OK | |||
r-oldrel-windows-x86_64 | 0.1-13.1 | 9.00 | 51.00 | 60.00 | OK |
Version: 0.1-13.1
Check: compiled code
Result: NOTE
File ‘tseriesChaos/libs/tseriesChaos.so’:
Found no calls to: ‘R_registerRoutines’, ‘R_useDynamicSymbols’
It is good practice to register native routines and to disable symbol
search.
See ‘Writing portable packages’ in the ‘Writing R Extensions’ manual.
Flavors: r-devel-linux-x86_64-fedora-clang, r-devel-linux-x86_64-fedora-gcc