Last updated on 2024-07-01 03:49:29 CEST.
Flavor | Version | Tinstall | Tcheck | Ttotal | Status | Flags |
---|---|---|---|---|---|---|
r-devel-linux-x86_64-debian-clang | 0.8.1 | 4.71 | 49.88 | 54.59 | NOTE | |
r-devel-linux-x86_64-debian-gcc | 0.8.1 | 3.01 | 37.08 | 40.09 | NOTE | |
r-devel-linux-x86_64-fedora-clang | 0.8.1 | 72.70 | NOTE | |||
r-devel-linux-x86_64-fedora-gcc | 0.8.1 | 75.74 | NOTE | |||
r-devel-windows-x86_64 | 0.8.1 | 5.00 | 58.00 | 63.00 | NOTE | |
r-patched-linux-x86_64 | 0.8.1 | 3.83 | 46.51 | 50.34 | NOTE | |
r-release-linux-x86_64 | 0.8.1 | 4.25 | 46.52 | 50.77 | NOTE | |
r-release-macos-arm64 | 0.8.1 | 28.00 | NOTE | |||
r-release-macos-x86_64 | 0.8.1 | 50.00 | NOTE | |||
r-release-windows-x86_64 | 0.8.1 | 5.00 | 58.00 | 63.00 | NOTE | |
r-oldrel-macos-arm64 | 0.8.1 | 30.00 | NOTE | |||
r-oldrel-macos-x86_64 | 0.8.1 | 39.00 | NOTE | |||
r-oldrel-windows-x86_64 | 0.8.1 | 6.00 | 63.00 | 69.00 | NOTE |
Version: 0.8.1
Check: LazyData
Result: NOTE
'LazyData' is specified without a 'data' directory
Flavors: r-devel-linux-x86_64-debian-clang, r-devel-linux-x86_64-debian-gcc, r-devel-linux-x86_64-fedora-clang, r-devel-linux-x86_64-fedora-gcc, r-devel-windows-x86_64, r-patched-linux-x86_64, r-release-linux-x86_64, r-release-macos-arm64, r-release-macos-x86_64, r-release-windows-x86_64, r-oldrel-macos-arm64, r-oldrel-macos-x86_64, r-oldrel-windows-x86_64