Last updated on 2024-07-01 03:49:28 CEST.
Flavor | Version | Tinstall | Tcheck | Ttotal | Status | Flags |
---|---|---|---|---|---|---|
r-devel-linux-x86_64-debian-clang | 0.1.0 | 14.49 | 129.85 | 144.34 | OK | |
r-devel-linux-x86_64-debian-gcc | 0.1.0 | 10.76 | 95.26 | 106.02 | OK | |
r-devel-linux-x86_64-fedora-clang | 0.1.0 | 190.98 | NOTE | |||
r-devel-linux-x86_64-fedora-gcc | 0.1.0 | 166.46 | NOTE | |||
r-devel-windows-x86_64 | 0.1.0 | 13.00 | 106.00 | 119.00 | OK | |
r-patched-linux-x86_64 | 0.1.0 | 13.89 | 122.82 | 136.71 | OK | |
r-release-linux-x86_64 | 0.1.0 | 10.28 | 123.36 | 133.64 | OK | |
r-release-macos-arm64 | 0.1.0 | 54.00 | OK | |||
r-release-macos-x86_64 | 0.1.0 | 72.00 | OK | |||
r-release-windows-x86_64 | 0.1.0 | 13.00 | 109.00 | 122.00 | OK | |
r-oldrel-macos-arm64 | 0.1.0 | 58.00 | OK | |||
r-oldrel-macos-x86_64 | 0.1.0 | 113.00 | OK | |||
r-oldrel-windows-x86_64 | 0.1.0 | 16.00 | 135.00 | 151.00 | OK |
Version: 0.1.0
Check: dependencies in R code
Result: NOTE
Namespace in Imports field not imported from: ‘class’
All declared Imports should be used.
Flavors: r-devel-linux-x86_64-fedora-clang, r-devel-linux-x86_64-fedora-gcc