Last updated on 2024-07-01 03:49:28 CEST.
Flavor | Version | Tinstall | Tcheck | Ttotal | Status | Flags |
---|---|---|---|---|---|---|
r-devel-linux-x86_64-debian-clang | 0.1.0 | 14.15 | 283.16 | 297.31 | NOTE | |
r-devel-linux-x86_64-debian-gcc | 0.1.0 | 7.04 | 204.00 | 211.04 | NOTE | |
r-devel-linux-x86_64-fedora-clang | 0.1.0 | 375.49 | NOTE | |||
r-devel-linux-x86_64-fedora-gcc | 0.1.0 | 352.12 | NOTE | |||
r-devel-windows-x86_64 | 0.1.0 | 12.00 | 214.00 | 226.00 | NOTE | |
r-patched-linux-x86_64 | 0.1.0 | 11.59 | 268.55 | 280.14 | NOTE | |
r-release-linux-x86_64 | 0.1.0 | 7.08 | 261.09 | 268.17 | NOTE | |
r-release-macos-arm64 | 0.1.0 | 110.00 | NOTE | |||
r-release-macos-x86_64 | 0.1.0 | 177.00 | NOTE | |||
r-release-windows-x86_64 | 0.1.0 | 11.00 | 179361.00 | 179372.00 | NOTE | |
r-oldrel-macos-arm64 | 0.1.0 | 102.00 | OK | |||
r-oldrel-macos-x86_64 | 0.1.0 | 274.00 | OK | |||
r-oldrel-windows-x86_64 | 0.1.0 | 14.00 | 267.00 | 281.00 | OK |
Version: 0.1.0
Check: Rd files
Result: NOTE
checkRd: (-1) trait_missing.Rd:17-18: Lost braces in \itemize; \value handles \item{}{} directly
checkRd: (-1) trait_missing.Rd:19-20: Lost braces in \itemize; \value handles \item{}{} directly
checkRd: (-1) trait_missing.Rd:21-22: Lost braces in \itemize; \value handles \item{}{} directly
checkRd: (-1) trait_missing.Rd:23-24: Lost braces in \itemize; \value handles \item{}{} directly
Flavors: r-devel-linux-x86_64-debian-clang, r-devel-linux-x86_64-debian-gcc, r-devel-linux-x86_64-fedora-clang, r-devel-linux-x86_64-fedora-gcc, r-devel-windows-x86_64, r-patched-linux-x86_64, r-release-linux-x86_64, r-release-macos-arm64, r-release-macos-x86_64, r-release-windows-x86_64