Last updated on 2024-07-01 03:49:28 CEST.
Flavor | Version | Tinstall | Tcheck | Ttotal | Status | Flags |
---|---|---|---|---|---|---|
r-devel-linux-x86_64-debian-clang | 0.1.4 | 5.06 | 61.76 | 66.82 | OK | |
r-devel-linux-x86_64-debian-gcc | 0.1.4 | 4.06 | 45.94 | 50.00 | OK | |
r-devel-linux-x86_64-fedora-clang | 0.1.4 | 83.54 | NOTE | |||
r-devel-linux-x86_64-fedora-gcc | 0.1.4 | 91.73 | NOTE | |||
r-devel-windows-x86_64 | 0.1.4 | 6.00 | 66.00 | 72.00 | OK | |
r-patched-linux-x86_64 | 0.1.4 | 4.90 | 57.98 | 62.88 | OK | |
r-release-linux-x86_64 | 0.1.4 | 3.61 | 58.79 | 62.40 | OK | |
r-release-macos-arm64 | 0.1.4 | 33.00 | OK | |||
r-release-macos-x86_64 | 0.1.4 | 49.00 | OK | |||
r-release-windows-x86_64 | 0.1.4 | 6.00 | 66.00 | 72.00 | OK | |
r-oldrel-macos-arm64 | 0.1.4 | 34.00 | OK | |||
r-oldrel-macos-x86_64 | 0.1.4 | 54.00 | OK | |||
r-oldrel-windows-x86_64 | 0.1.4 | 7.00 | 73.00 | 80.00 | OK |
Version: 0.1.4
Check: data for non-ASCII characters
Result: NOTE
Note: found 4490 marked UTF-8 strings
Flavors: r-devel-linux-x86_64-fedora-clang, r-devel-linux-x86_64-fedora-gcc