Last updated on 2024-07-01 03:49:28 CEST.
Flavor | Version | Tinstall | Tcheck | Ttotal | Status | Flags |
---|---|---|---|---|---|---|
r-devel-linux-x86_64-debian-clang | 0.1.1 | 4.77 | 119.14 | 123.91 | OK | |
r-devel-linux-x86_64-debian-gcc | 0.1.1 | 4.27 | 83.07 | 87.34 | OK | |
r-devel-linux-x86_64-fedora-clang | 0.1.1 | 160.35 | OK | |||
r-devel-linux-x86_64-fedora-gcc | 0.1.1 | 174.29 | OK | |||
r-devel-windows-x86_64 | 0.1.1 | 6.00 | 172.00 | 178.00 | OK | |
r-patched-linux-x86_64 | 0.1.1 | 4.80 | 123.70 | 128.50 | OK | |
r-release-linux-x86_64 | 0.1.1 | 5.16 | 120.87 | 126.03 | OK | |
r-release-macos-arm64 | 0.1.1 | 76.00 | OK | |||
r-release-macos-x86_64 | 0.1.1 | 98.00 | OK | |||
r-release-windows-x86_64 | 0.1.1 | 5.00 | 179.00 | 184.00 | OK | |
r-oldrel-macos-arm64 | 0.1.1 | 71.00 | OK | |||
r-oldrel-macos-x86_64 | 0.1.1 | 118.00 | NOTE | |||
r-oldrel-windows-x86_64 | 0.1.1 | 7.00 | 158.00 | 165.00 | OK |
Version: 0.1.1
Check: package dependencies
Result: NOTE
Package suggested but not available for checking: ‘stm’
Flavor: r-oldrel-macos-x86_64
Version: 0.1.1
Check: Rd cross-references
Result: NOTE
Package unavailable to check Rd xrefs: ‘stm’
Flavor: r-oldrel-macos-x86_64