Last updated on 2024-07-01 03:49:27 CEST.
Flavor | Version | Tinstall | Tcheck | Ttotal | Status | Flags |
---|---|---|---|---|---|---|
r-devel-linux-x86_64-debian-clang | 0.3.0 | 33.74 | 48.39 | 82.13 | OK | |
r-devel-linux-x86_64-debian-gcc | 0.3.0 | 20.64 | 36.95 | 57.59 | OK | |
r-devel-linux-x86_64-fedora-clang | 0.3.0 | 114.51 | NOTE | |||
r-devel-linux-x86_64-fedora-gcc | 0.3.0 | 123.73 | NOTE | |||
r-devel-windows-x86_64 | 0.3.0 | 28.00 | 76.00 | 104.00 | OK | |
r-patched-linux-x86_64 | 0.3.0 | 27.36 | 46.15 | 73.51 | OK | |
r-release-linux-x86_64 | 0.3.0 | 30.96 | 46.39 | 77.35 | OK | |
r-release-macos-arm64 | 0.3.0 | 37.00 | OK | |||
r-release-macos-x86_64 | 0.3.0 | 59.00 | OK | |||
r-release-windows-x86_64 | 0.3.0 | 27.00 | 78.00 | 105.00 | OK | |
r-oldrel-macos-arm64 | 0.3.0 | 41.00 | OK | |||
r-oldrel-macos-x86_64 | 0.3.0 | 61.00 | OK | |||
r-oldrel-windows-x86_64 | 0.3.0 | 29.00 | 86.00 | 115.00 | OK |
Version: 0.3.0
Check: data for non-ASCII characters
Result: NOTE
Note: found 1 marked UTF-8 string
Flavors: r-devel-linux-x86_64-fedora-clang, r-devel-linux-x86_64-fedora-gcc