Last updated on 2024-07-01 03:49:27 CEST.
Flavor | Version | Tinstall | Tcheck | Ttotal | Status | Flags |
---|---|---|---|---|---|---|
r-devel-linux-x86_64-debian-clang | 0.7-13 | 41.03 | 76.56 | 117.59 | NOTE | |
r-devel-linux-x86_64-debian-gcc | 0.7-13 | 27.78 | 58.33 | 86.11 | NOTE | |
r-devel-linux-x86_64-fedora-clang | 0.7-13 | 164.73 | NOTE | |||
r-devel-linux-x86_64-fedora-gcc | 0.7-13 | 168.84 | NOTE | |||
r-devel-windows-x86_64 | 0.7-13 | 34.00 | 135.00 | 169.00 | NOTE | |
r-patched-linux-x86_64 | 0.7-13 | 31.87 | 73.63 | 105.50 | NOTE | |
r-release-linux-x86_64 | 0.7-13 | 33.32 | 74.44 | 107.76 | NOTE | |
r-release-macos-arm64 | 0.7-13 | 76.00 | NOTE | |||
r-release-macos-x86_64 | 0.7-13 | 103.00 | NOTE | |||
r-release-windows-x86_64 | 0.7-13 | 33.00 | 135.00 | 168.00 | NOTE | |
r-oldrel-macos-arm64 | 0.7-13 | 82.00 | NOTE | |||
r-oldrel-macos-x86_64 | 0.7-13 | 181.00 | NOTE | |||
r-oldrel-windows-x86_64 | 0.7-13 | 41.00 | 144.00 | 185.00 | NOTE |
Version: 0.7-13
Check: package dependencies
Result: NOTE
Packages suggested but not available for checking:
'Rcampdf', 'tm.lexicon.GeneralInquirer'
Flavors: r-devel-linux-x86_64-debian-clang, r-devel-linux-x86_64-debian-gcc, r-devel-linux-x86_64-fedora-clang, r-devel-linux-x86_64-fedora-gcc, r-patched-linux-x86_64, r-release-linux-x86_64, r-release-macos-arm64, r-release-macos-x86_64, r-oldrel-macos-arm64, r-oldrel-macos-x86_64
Version: 0.7-13
Check: Rd cross-references
Result: NOTE
Undeclared packages ‘tm.plugin.dc’, ‘readtext’, ‘graph’, ‘tau’, ‘tokenizers’ in Rd xrefs
Flavor: r-devel-linux-x86_64-fedora-clang
Version: 0.7-13
Check: package dependencies
Result: NOTE
Packages suggested but not available for checking:
'Rcampdf', 'Rpoppler', 'tm.lexicon.GeneralInquirer'
Flavors: r-devel-windows-x86_64, r-release-windows-x86_64, r-oldrel-windows-x86_64