Last updated on 2024-07-01 03:49:26 CEST.
Flavor | Version | Tinstall | Tcheck | Ttotal | Status | Flags |
---|---|---|---|---|---|---|
r-devel-linux-x86_64-debian-clang | 0.6.1 | 5.70 | 88.84 | 94.54 | OK | |
r-devel-linux-x86_64-debian-gcc | 0.6.1 | 4.45 | 63.94 | 68.39 | OK | |
r-devel-linux-x86_64-fedora-clang | 0.6.1 | 120.54 | NOTE | |||
r-devel-linux-x86_64-fedora-gcc | 0.6.1 | 132.77 | NOTE | |||
r-devel-windows-x86_64 | 0.6.1 | 8.00 | 84.00 | 92.00 | OK | |
r-patched-linux-x86_64 | 0.6.1 | 4.68 | 82.15 | 86.83 | OK | |
r-release-linux-x86_64 | 0.6.1 | 3.47 | 84.20 | 87.67 | OK | |
r-release-macos-arm64 | 0.6.1 | 46.00 | OK | |||
r-release-macos-x86_64 | 0.6.1 | 94.00 | OK | |||
r-release-windows-x86_64 | 0.6.1 | 8.00 | 86.00 | 94.00 | OK | |
r-oldrel-macos-arm64 | 0.6.1 | 54.00 | OK | |||
r-oldrel-macos-x86_64 | 0.6.1 | 96.00 | OK | |||
r-oldrel-windows-x86_64 | 0.6.1 | 9.00 | 96.00 | 105.00 | OK |
Version: 0.6.1
Check: Rd cross-references
Result: NOTE
Undeclared package ‘datawizard’ in Rd xrefs
Flavor: r-devel-linux-x86_64-fedora-clang
Version: 0.6.1
Check: data for non-ASCII characters
Result: NOTE
Note: found 113 marked UTF-8 strings
Flavors: r-devel-linux-x86_64-fedora-clang, r-devel-linux-x86_64-fedora-gcc