Last updated on 2024-07-01 03:49:26 CEST.
Flavor | Version | Tinstall | Tcheck | Ttotal | Status | Flags |
---|---|---|---|---|---|---|
r-devel-linux-x86_64-debian-clang | 1.2.0 | 18.94 | 162.92 | 181.86 | OK | |
r-devel-linux-x86_64-debian-gcc | 1.2.0 | 13.64 | 118.26 | 131.90 | OK | |
r-devel-linux-x86_64-fedora-clang | 1.2.0 | 226.89 | NOTE | |||
r-devel-linux-x86_64-fedora-gcc | 1.2.0 | 232.68 | OK | |||
r-devel-windows-x86_64 | 1.2.0 | 15.00 | 123.00 | 138.00 | OK | |
r-patched-linux-x86_64 | 1.2.0 | 10.38 | 152.50 | 162.88 | OK | |
r-release-linux-x86_64 | 1.2.0 | 10.79 | 149.27 | 160.06 | OK | |
r-release-macos-arm64 | 1.2.0 | 63.00 | OK | |||
r-release-macos-x86_64 | 1.2.0 | 113.00 | OK | |||
r-release-windows-x86_64 | 1.2.0 | 15.00 | 126.00 | 141.00 | OK | |
r-oldrel-macos-arm64 | 1.2.0 | 67.00 | OK | |||
r-oldrel-macos-x86_64 | 1.2.0 | 145.00 | OK | |||
r-oldrel-windows-x86_64 | 1.2.0 | 20.00 | 155.00 | 175.00 | OK |
Version: 1.2.0
Check: package dependencies
Result: NOTE
Imports includes 21 non-default packages.
Importing from so many packages makes the package vulnerable to any of
them becoming unavailable. Move as many as possible to Suggests and
use conditionally.
Flavor: r-devel-linux-x86_64-fedora-clang