Last updated on 2024-07-01 03:49:26 CEST.
Flavor | Version | Tinstall | Tcheck | Ttotal | Status | Flags |
---|---|---|---|---|---|---|
r-devel-linux-x86_64-debian-clang | 0.1.1 | 2.80 | 44.85 | 47.65 | OK | |
r-devel-linux-x86_64-debian-gcc | 0.1.1 | 2.78 | 33.65 | 36.43 | OK | |
r-devel-linux-x86_64-fedora-clang | 0.1.1 | 62.62 | NOTE | |||
r-devel-linux-x86_64-fedora-gcc | 0.1.1 | 73.34 | NOTE | |||
r-devel-windows-x86_64 | 0.1.1 | 6.00 | 62.00 | 68.00 | OK | |
r-patched-linux-x86_64 | 0.1.1 | 2.22 | 43.58 | 45.80 | OK | |
r-release-linux-x86_64 | 0.1.1 | 2.26 | 43.11 | 45.37 | OK | |
r-release-macos-arm64 | 0.1.1 | 30.00 | OK | |||
r-release-macos-x86_64 | 0.1.1 | 66.00 | OK | |||
r-release-windows-x86_64 | 0.1.1 | 6.00 | 63.00 | 69.00 | OK | |
r-oldrel-macos-arm64 | 0.1.1 | 34.00 | OK | |||
r-oldrel-macos-x86_64 | 0.1.1 | 56.00 | OK | |||
r-oldrel-windows-x86_64 | 0.1.1 | 6.00 | 67.00 | 73.00 | OK |
Version: 0.1.1
Check: dependencies in R code
Result: NOTE
Namespaces in Imports field not imported from:
‘badger’ ‘ggplot2’ ‘lubridate’ ‘scales’ ‘xgboost’
All declared Imports should be used.
Flavors: r-devel-linux-x86_64-fedora-clang, r-devel-linux-x86_64-fedora-gcc