Last updated on 2024-07-01 03:49:25 CEST.
Flavor | Version | Tinstall | Tcheck | Ttotal | Status | Flags |
---|---|---|---|---|---|---|
r-devel-linux-x86_64-debian-clang | 0.1.0 | 16.90 | 54.59 | 71.49 | OK | |
r-devel-linux-x86_64-debian-gcc | 0.1.0 | 14.86 | 41.28 | 56.14 | OK | |
r-devel-linux-x86_64-fedora-clang | 0.1.0 | 90.73 | NOTE | |||
r-devel-linux-x86_64-fedora-gcc | 0.1.0 | 85.89 | NOTE | |||
r-devel-windows-x86_64 | 0.1.0 | 16.00 | 62.00 | 78.00 | NOTE | |
r-patched-linux-x86_64 | 0.1.0 | 17.62 | 52.32 | 69.94 | OK | |
r-release-linux-x86_64 | 0.1.0 | 12.66 | 51.70 | 64.36 | OK | |
r-release-macos-arm64 | 0.1.0 | 33.00 | NOTE | |||
r-release-macos-x86_64 | 0.1.0 | 49.00 | NOTE | |||
r-release-windows-x86_64 | 0.1.0 | 16.00 | 62.00 | 78.00 | NOTE | |
r-oldrel-macos-arm64 | 0.1.0 | 35.00 | NOTE | |||
r-oldrel-macos-x86_64 | 0.1.0 | 54.00 | NOTE | |||
r-oldrel-windows-x86_64 | 0.1.0 | 21.00 | 72.00 | 93.00 | NOTE |
Version: 0.1.0
Check: installed package size
Result: NOTE
installed size is 7.0Mb
sub-directories of 1Mb or more:
R 4.0Mb
data 3.0Mb
Flavors: r-devel-linux-x86_64-fedora-clang, r-devel-windows-x86_64, r-release-macos-arm64, r-release-macos-x86_64, r-release-windows-x86_64, r-oldrel-macos-arm64, r-oldrel-macos-x86_64, r-oldrel-windows-x86_64
Version: 0.1.0
Check: data for non-ASCII characters
Result: NOTE
Note: found 197527 marked UTF-8 strings
Flavors: r-devel-linux-x86_64-fedora-clang, r-devel-linux-x86_64-fedora-gcc