Last updated on 2024-07-01 03:49:25 CEST.
Flavor | Version | Tinstall | Tcheck | Ttotal | Status | Flags |
---|---|---|---|---|---|---|
r-devel-linux-x86_64-debian-clang | 0.4.0 | 24.29 | 33.88 | 58.17 | NOTE | |
r-devel-linux-x86_64-debian-gcc | 0.4.0 | 19.59 | 25.79 | 45.38 | NOTE | |
r-devel-linux-x86_64-fedora-clang | 0.4.0 | 93.60 | NOTE | |||
r-devel-linux-x86_64-fedora-gcc | 0.4.0 | 94.75 | NOTE | |||
r-devel-windows-x86_64 | 0.4.0 | 28.00 | 72.00 | 100.00 | NOTE | |
r-patched-linux-x86_64 | 0.4.0 | 23.51 | 32.82 | 56.33 | OK | |
r-release-linux-x86_64 | 0.4.0 | 21.67 | 31.95 | 53.62 | OK | |
r-release-macos-arm64 | 0.4.0 | 61.00 | NOTE | |||
r-release-macos-x86_64 | 0.4.0 | 51.00 | NOTE | |||
r-release-windows-x86_64 | 0.4.0 | 29.00 | 68.00 | 97.00 | OK | |
r-oldrel-macos-arm64 | 0.4.0 | 42.00 | NOTE | |||
r-oldrel-macos-x86_64 | 0.4.0 | 72.00 | NOTE | |||
r-oldrel-windows-x86_64 | 0.4.0 | 31.00 | 77.00 | 108.00 | OK |
Version: 0.4.0
Check: compiled code
Result: NOTE
File ‘textshaping/libs/textshaping.so’:
Found non-API calls to R: ‘SETLENGTH’, ‘SET_GROWABLE_BIT’,
‘SET_TRUELENGTH’
Compiled code should not call non-API entry points in R.
See ‘Writing portable packages’ in the ‘Writing R Extensions’ manual.
See section ‘Moving into C API compliance’ in the ‘Writing R
Extensions’ manual for issues with use of non-API entry points.
Flavors: r-devel-linux-x86_64-debian-clang, r-devel-linux-x86_64-debian-gcc
Version: 0.4.0
Check: compiled code
Result: NOTE
File ‘textshaping/libs/textshaping.so’:
Found non-API calls to R: ‘SETLENGTH’, ‘SET_GROWABLE_BIT’,
‘SET_TRUELENGTH’
Compiled code should not call non-API entry points in R.
See ‘Writing portable packages’ in the ‘Writing R Extensions’ manual,
and section ‘Moving into C API compliance’ for issues with the use of
non-API entry points.
Flavor: r-devel-linux-x86_64-fedora-clang
Version: 0.4.0
Check: compiled code
Result: NOTE
File ‘textshaping/libs/textshaping.so’:
Found non-API calls to R: ‘SETLENGTH’, ‘SET_GROWABLE_BIT’,
‘SET_TRUELENGTH’
Compiled code should not call non-API entry points in R.
See ‘Writing portable packages’ in the ‘Writing R Extensions’ manual.
Flavor: r-devel-linux-x86_64-fedora-gcc
Version: 0.4.0
Check: compiled code
Result: NOTE
File 'textshaping/libs/x64/textshaping.dll':
Found non-API calls to R: 'SETLENGTH', 'SET_GROWABLE_BIT',
'SET_TRUELENGTH'
Compiled code should not call non-API entry points in R.
See 'Writing portable packages' in the 'Writing R Extensions' manual.
See section 'Moving into C API compliance' in the 'Writing R
Extensions' manual for issues with use of non-API entry points.
Flavor: r-devel-windows-x86_64
Version: 0.4.0
Check: installed package size
Result: NOTE
installed size is 21.2Mb
sub-directories of 1Mb or more:
libs 21.0Mb
Flavors: r-release-macos-arm64, r-release-macos-x86_64, r-oldrel-macos-arm64, r-oldrel-macos-x86_64