Last updated on 2024-07-01 03:49:24 CEST.
Flavor | Version | Tinstall | Tcheck | Ttotal | Status | Flags |
---|---|---|---|---|---|---|
r-devel-linux-x86_64-debian-clang | 1.39.3 | 22.18 | 170.82 | 193.00 | NOTE | |
r-devel-linux-x86_64-debian-gcc | 1.39.3 | 16.21 | 119.74 | 135.95 | NOTE | |
r-devel-linux-x86_64-fedora-clang | 1.39.3 | 248.98 | NOTE | |||
r-devel-linux-x86_64-fedora-gcc | 1.39.3 | 252.07 | NOTE | |||
r-devel-windows-x86_64 | 1.39.3 | 18.00 | 169.00 | 187.00 | NOTE | |
r-patched-linux-x86_64 | 1.39.3 | 22.12 | 160.44 | 182.56 | NOTE | |
r-release-linux-x86_64 | 1.39.3 | 17.40 | 164.93 | 182.33 | NOTE | |
r-release-macos-arm64 | 1.39.3 | 67.00 | NOTE | |||
r-release-macos-x86_64 | 1.39.3 | 109.00 | NOTE | |||
r-release-windows-x86_64 | 1.39.3 | 17.00 | 169.00 | 186.00 | NOTE | |
r-oldrel-macos-arm64 | 1.39.3 | 79.00 | NOTE | |||
r-oldrel-macos-x86_64 | 1.39.3 | 166.00 | NOTE | |||
r-oldrel-windows-x86_64 | 1.39.3 | 23.00 | 193.00 | 216.00 | NOTE |
Version: 1.39.3
Check: package dependencies
Result: NOTE
Packages which this enhances but not available for checking:
'mnlogit', 'Zelig'
Flavors: r-devel-linux-x86_64-debian-clang, r-devel-linux-x86_64-debian-gcc, r-devel-linux-x86_64-fedora-clang, r-devel-linux-x86_64-fedora-gcc, r-devel-windows-x86_64, r-patched-linux-x86_64, r-release-linux-x86_64, r-release-macos-arm64, r-release-macos-x86_64, r-release-windows-x86_64, r-oldrel-macos-arm64, r-oldrel-macos-x86_64, r-oldrel-windows-x86_64