Last updated on 2024-07-01 03:49:24 CEST.
Flavor | Version | Tinstall | Tcheck | Ttotal | Status | Flags |
---|---|---|---|---|---|---|
r-devel-linux-x86_64-debian-clang | 1.0.1 | 4.23 | 233.18 | 237.41 | NOTE | |
r-devel-linux-x86_64-debian-gcc | 1.0.1 | 3.05 | 159.77 | 162.82 | NOTE | |
r-devel-linux-x86_64-fedora-clang | 1.0.1 | 283.17 | NOTE | |||
r-devel-linux-x86_64-fedora-gcc | 1.0.1 | 286.34 | NOTE | |||
r-devel-windows-x86_64 | 1.0.1 | 4.00 | 186.00 | 190.00 | NOTE | |
r-patched-linux-x86_64 | 1.0.1 | 4.17 | 220.55 | 224.72 | NOTE | |
r-release-linux-x86_64 | 1.0.1 | 3.66 | 224.31 | 227.97 | NOTE | |
r-release-macos-arm64 | 1.0.1 | 83.00 | NOTE | |||
r-release-macos-x86_64 | 1.0.1 | 133.00 | NOTE | |||
r-release-windows-x86_64 | 1.0.1 | 5.00 | 185.00 | 190.00 | NOTE | |
r-oldrel-macos-arm64 | 1.0.1 | 97.00 | NOTE | |||
r-oldrel-macos-x86_64 | 1.0.1 | 162.00 | NOTE | |||
r-oldrel-windows-x86_64 | 1.0.1 | 5.00 | 216.00 | 221.00 | NOTE |
Version: 1.0.1
Check: LazyData
Result: NOTE
'LazyData' is specified without a 'data' directory
Flavors: r-devel-linux-x86_64-debian-clang, r-devel-linux-x86_64-debian-gcc, r-devel-linux-x86_64-fedora-clang, r-devel-linux-x86_64-fedora-gcc, r-devel-windows-x86_64, r-patched-linux-x86_64, r-release-linux-x86_64, r-release-macos-arm64, r-release-macos-x86_64, r-release-windows-x86_64, r-oldrel-macos-arm64, r-oldrel-macos-x86_64, r-oldrel-windows-x86_64