Last updated on 2024-07-01 03:49:24 CEST.
Flavor | Version | Tinstall | Tcheck | Ttotal | Status | Flags |
---|---|---|---|---|---|---|
r-devel-linux-x86_64-debian-clang | 0.0.4 | 5.03 | 51.53 | 56.56 | OK | |
r-devel-linux-x86_64-debian-gcc | 0.0.4 | 4.78 | 38.89 | 43.67 | OK | |
r-devel-linux-x86_64-fedora-clang | 0.0.4 | 73.52 | NOTE | |||
r-devel-linux-x86_64-fedora-gcc | 0.0.4 | 70.71 | OK | |||
r-devel-windows-x86_64 | 0.0.4 | 7.00 | 58.00 | 65.00 | OK | |
r-patched-linux-x86_64 | 0.0.4 | 4.33 | 49.06 | 53.39 | OK | |
r-release-linux-x86_64 | 0.0.4 | 3.32 | 48.82 | 52.14 | OK | |
r-release-macos-arm64 | 0.0.4 | 25.00 | OK | |||
r-release-macos-x86_64 | 0.0.4 | 38.00 | OK | |||
r-release-windows-x86_64 | 0.0.4 | 6.00 | 59.00 | 65.00 | OK | |
r-oldrel-macos-arm64 | 0.0.4 | 26.00 | OK | |||
r-oldrel-macos-x86_64 | 0.0.4 | 36.00 | OK | |||
r-oldrel-windows-x86_64 | 0.0.4 | 8.00 | 66.00 | 74.00 | OK |
Version: 0.0.4
Check: Rd cross-references
Result: NOTE
Undeclared package ‘scales’ in Rd xrefs
Flavor: r-devel-linux-x86_64-fedora-clang