Last updated on 2024-07-01 03:49:23 CEST.
Flavor | Version | Tinstall | Tcheck | Ttotal | Status | Flags |
---|---|---|---|---|---|---|
r-devel-linux-x86_64-debian-clang | 1.0.5-3 | 9.89 | 163.46 | 173.35 | OK | |
r-devel-linux-x86_64-debian-gcc | 1.0.5-3 | 7.24 | 118.04 | 125.28 | OK | |
r-devel-linux-x86_64-fedora-clang | 1.0.5-3 | 209.36 | NOTE | |||
r-devel-linux-x86_64-fedora-gcc | 1.0.5-3 | 222.30 | OK | |||
r-devel-windows-x86_64 | 1.0.5-3 | 9.00 | 111.00 | 120.00 | NOTE | |
r-patched-linux-x86_64 | 1.0.5-3 | 6.76 | 161.36 | 168.12 | OK | |
r-release-linux-x86_64 | 1.0.5-3 | 6.43 | 162.44 | 168.87 | OK | |
r-release-macos-arm64 | 1.0.5-3 | 75.00 | NOTE | |||
r-release-macos-x86_64 | 1.0.5-3 | 99.00 | NOTE | |||
r-release-windows-x86_64 | 1.0.5-3 | 9.00 | 109.00 | 118.00 | NOTE | |
r-oldrel-macos-arm64 | 1.0.5-3 | 78.00 | NOTE | |||
r-oldrel-macos-x86_64 | 1.0.5-3 | 133.00 | NOTE | |||
r-oldrel-windows-x86_64 | 1.0.5-3 | 11.00 | 131.00 | 142.00 | NOTE |
Version: 1.0.5-3
Check: installed package size
Result: NOTE
installed size is 13.6Mb
sub-directories of 1Mb or more:
java 12.7Mb
Flavors: r-devel-linux-x86_64-fedora-clang, r-devel-windows-x86_64, r-release-macos-arm64, r-release-macos-x86_64, r-release-windows-x86_64, r-oldrel-macos-arm64, r-oldrel-macos-x86_64, r-oldrel-windows-x86_64