Last updated on 2024-07-01 03:49:29 CEST.
Flavor | Version | Tinstall | Tcheck | Ttotal | Status | Flags |
---|---|---|---|---|---|---|
r-devel-linux-x86_64-debian-clang | 0.3.2 | 18.73 | 148.22 | 166.95 | OK | |
r-devel-linux-x86_64-debian-gcc | 0.3.2 | 14.05 | 107.09 | 121.14 | OK | |
r-devel-linux-x86_64-fedora-clang | 0.3.2 | 213.90 | NOTE | |||
r-devel-linux-x86_64-fedora-gcc | 0.3.2 | 210.92 | OK | |||
r-devel-windows-x86_64 | 0.3.2 | 17.00 | 115.00 | 132.00 | OK | |
r-patched-linux-x86_64 | 0.3.2 | 15.61 | 137.81 | 153.42 | OK | |
r-release-linux-x86_64 | 0.3.2 | 15.58 | 138.73 | 154.31 | OK | |
r-release-macos-arm64 | 0.3.2 | 61.00 | OK | |||
r-release-macos-x86_64 | 0.3.2 | 90.00 | OK | |||
r-release-windows-x86_64 | 0.3.2 | 17.00 | 115.00 | 132.00 | OK | |
r-oldrel-macos-arm64 | 0.3.2 | 46.00 | OK | |||
r-oldrel-macos-x86_64 | 0.3.2 | 68.00 | OK | |||
r-oldrel-windows-x86_64 | 0.3.2 | 23.00 | 142.00 | 165.00 | OK |
Version: 0.3.2
Check: package dependencies
Result: NOTE
Imports includes 22 non-default packages.
Importing from so many packages makes the package vulnerable to any of
them becoming unavailable. Move as many as possible to Suggests and
use conditionally.
Flavor: r-devel-linux-x86_64-fedora-clang