Last updated on 2024-07-01 03:49:22 CEST.
Flavor | Version | Tinstall | Tcheck | Ttotal | Status | Flags |
---|---|---|---|---|---|---|
r-devel-linux-x86_64-debian-clang | 0.1.1 | 66.54 | 128.72 | 195.26 | NOTE | |
r-devel-linux-x86_64-debian-gcc | 0.1.1 | 43.86 | 92.93 | 136.79 | NOTE | |
r-devel-linux-x86_64-fedora-clang | 0.1.1 | 255.83 | NOTE | |||
r-devel-linux-x86_64-fedora-gcc | 0.1.1 | 262.66 | NOTE | |||
r-devel-windows-x86_64 | 0.1.1 | 52.00 | 131.00 | 183.00 | NOTE | |
r-patched-linux-x86_64 | 0.1.1 | 49.10 | 121.00 | 170.10 | NOTE | |
r-release-linux-x86_64 | 0.1.1 | 41.15 | 116.17 | 157.32 | NOTE | |
r-release-macos-arm64 | 0.1.1 | 69.00 | NOTE | |||
r-release-macos-x86_64 | 0.1.1 | 106.00 | NOTE | |||
r-release-windows-x86_64 | 0.1.1 | 50.00 | 134.00 | 184.00 | NOTE | |
r-oldrel-macos-arm64 | 0.1.1 | 77.00 | NOTE | |||
r-oldrel-macos-x86_64 | 0.1.1 | 129.00 | NOTE | |||
r-oldrel-windows-x86_64 | 0.1.1 | 63.00 | 158.00 | 221.00 | NOTE |
Version: 0.1.1
Check: C++ specification
Result: NOTE
Specified C++11: please drop specification unless essential
Flavors: r-devel-linux-x86_64-debian-clang, r-devel-linux-x86_64-debian-gcc, r-devel-linux-x86_64-fedora-clang, r-devel-linux-x86_64-fedora-gcc, r-devel-windows-x86_64, r-patched-linux-x86_64, r-release-linux-x86_64, r-release-macos-arm64, r-release-macos-x86_64, r-release-windows-x86_64, r-oldrel-macos-arm64, r-oldrel-macos-x86_64, r-oldrel-windows-x86_64