Last updated on 2024-07-01 03:49:22 CEST.
Flavor | Version | Tinstall | Tcheck | Ttotal | Status | Flags |
---|---|---|---|---|---|---|
r-devel-linux-x86_64-debian-clang | 0.2.3 | 252.21 | 41.89 | 294.10 | OK | |
r-devel-linux-x86_64-debian-gcc | 0.2.3 | 150.14 | 31.54 | 181.68 | OK | |
r-devel-linux-x86_64-fedora-clang | 0.2.3 | 456.28 | OK | |||
r-devel-linux-x86_64-fedora-gcc | 0.2.3 | 434.97 | OK | |||
r-devel-windows-x86_64 | 0.2.3 | 186.00 | 74.00 | 260.00 | OK | |
r-patched-linux-x86_64 | 0.2.3 | 180.23 | 40.74 | 220.97 | OK | |
r-release-linux-x86_64 | 0.2.3 | 195.59 | 40.69 | 236.28 | OK | |
r-release-macos-arm64 | 0.2.3 | 69.00 | OK | |||
r-release-macos-x86_64 | 0.2.3 | 73.00 | OK | |||
r-release-windows-x86_64 | 0.2.3 | 183.00 | 76.00 | 259.00 | OK | |
r-oldrel-macos-arm64 | 0.2.3 | 88.00 | NOTE | |||
r-oldrel-macos-x86_64 | 0.2.3 | 152.00 | OK | |||
r-oldrel-windows-x86_64 | 0.2.3 | 222.00 | 84.00 | 306.00 | OK |
Version: 0.2.3
Check: installed package size
Result: NOTE
installed size is 5.0Mb
sub-directories of 1Mb or more:
libs 4.9Mb
Flavor: r-oldrel-macos-arm64