Last updated on 2024-07-01 03:49:22 CEST.
Flavor | Version | Tinstall | Tcheck | Ttotal | Status | Flags |
---|---|---|---|---|---|---|
r-devel-linux-x86_64-debian-clang | 1.0.0 | 125.59 | 135.11 | 260.70 | OK | |
r-devel-linux-x86_64-debian-gcc | 1.0.0 | 101.19 | 97.02 | 198.21 | OK | |
r-devel-linux-x86_64-fedora-clang | 1.0.0 | 333.70 | OK | |||
r-devel-linux-x86_64-fedora-gcc | 1.0.0 | 372.81 | OK | |||
r-devel-windows-x86_64 | 1.0.0 | 95.00 | 142.00 | 237.00 | OK | |
r-patched-linux-x86_64 | 1.0.0 | 82.99 | 127.67 | 210.66 | OK | |
r-release-linux-x86_64 | 1.0.0 | 87.83 | 126.16 | 213.99 | OK | |
r-release-macos-arm64 | 1.0.0 | 101.00 | NOTE | |||
r-release-macos-x86_64 | 1.0.0 | 131.00 | NOTE | |||
r-release-windows-x86_64 | 1.0.0 | 97.00 | 146.00 | 243.00 | OK | |
r-oldrel-macos-arm64 | 1.0.0 | 119.00 | NOTE | |||
r-oldrel-macos-x86_64 | 1.0.0 | 229.00 | NOTE | |||
r-oldrel-windows-x86_64 | 1.0.0 | 116.00 | 183.00 | 299.00 | OK |
Version: 1.0.0
Check: installed package size
Result: NOTE
installed size is 24.1Mb
sub-directories of 1Mb or more:
libs 23.4Mb
Flavors: r-release-macos-arm64, r-release-macos-x86_64, r-oldrel-macos-arm64, r-oldrel-macos-x86_64