Last updated on 2024-07-01 03:49:22 CEST.
Flavor | Version | Tinstall | Tcheck | Ttotal | Status | Flags |
---|---|---|---|---|---|---|
r-devel-linux-x86_64-debian-clang | 0.3.1 | 43.95 | 42.66 | 86.61 | NOTE | |
r-devel-linux-x86_64-debian-gcc | 0.3.1 | 34.58 | 33.09 | 67.67 | NOTE | |
r-devel-linux-x86_64-fedora-clang | 0.3.1 | 116.07 | NOTE | |||
r-devel-linux-x86_64-fedora-gcc | 0.3.1 | 148.47 | NOTE | |||
r-devel-windows-x86_64 | 0.3.1 | 53.00 | 76.00 | 129.00 | NOTE | |
r-patched-linux-x86_64 | 0.3.1 | 47.49 | 42.23 | 89.72 | NOTE | |
r-release-linux-x86_64 | 0.3.1 | 43.51 | 42.77 | 86.28 | NOTE | |
r-release-macos-arm64 | 0.3.1 | 39.00 | NOTE | |||
r-release-macos-x86_64 | 0.3.1 | 51.00 | NOTE | |||
r-release-windows-x86_64 | 0.3.1 | 53.00 | 78.00 | 131.00 | NOTE | |
r-oldrel-macos-arm64 | 0.3.1 | 40.00 | NOTE | |||
r-oldrel-macos-x86_64 | 0.3.1 | 104.00 | NOTE | |||
r-oldrel-windows-x86_64 | 0.3.1 | 51.00 | 89.00 | 140.00 | NOTE |
Version: 0.3.1
Check: package dependencies
Result: NOTE
Package suggested but not available for checking: ‘swephRdata’
Flavors: r-devel-linux-x86_64-debian-clang, r-devel-linux-x86_64-debian-gcc, r-devel-linux-x86_64-fedora-clang, r-devel-linux-x86_64-fedora-gcc, r-devel-windows-x86_64, r-patched-linux-x86_64, r-release-linux-x86_64, r-release-macos-arm64, r-release-macos-x86_64, r-release-windows-x86_64, r-oldrel-macos-arm64, r-oldrel-macos-x86_64, r-oldrel-windows-x86_64