Last updated on 2024-07-01 03:49:22 CEST.
Flavor | Version | Tinstall | Tcheck | Ttotal | Status | Flags |
---|---|---|---|---|---|---|
r-devel-linux-x86_64-debian-clang | 1.0.4 | 3.16 | 33.86 | 37.02 | OK | |
r-devel-linux-x86_64-debian-gcc | 1.0.4 | 2.30 | 25.63 | 27.93 | OK | |
r-devel-linux-x86_64-fedora-clang | 1.0.4 | 47.09 | OK | |||
r-devel-linux-x86_64-fedora-gcc | 1.0.4 | 56.89 | OK | |||
r-devel-windows-x86_64 | 1.0.4 | 3.00 | 49.00 | 52.00 | OK | |
r-patched-linux-x86_64 | 1.0.4 | 2.89 | 30.80 | 33.69 | OK | |
r-release-linux-x86_64 | 1.0.4 | 2.81 | 31.22 | 34.03 | OK | |
r-release-macos-arm64 | 1.0.4 | 24.00 | OK | |||
r-release-macos-x86_64 | 1.0.4 | 36.00 | OK | |||
r-release-windows-x86_64 | 1.0.4 | 3.00 | 49.00 | 52.00 | OK | |
r-oldrel-macos-arm64 | 1.0.4 | 24.00 | OK | |||
r-oldrel-macos-x86_64 | 1.0.4 | 34.00 | OK | |||
r-oldrel-windows-x86_64 | 1.0.4 | 3.00 | 57.00 | 60.00 | ERROR |
Version: 1.0.4
Check: re-building of vignette outputs
Result: ERROR
Error(s) in re-building vignettes:
--- re-building 'svHttp.Rmd' using rmarkdown
--- finished re-building 'svHttp.Rmd'
Flavor: r-oldrel-windows-x86_64