Last updated on 2024-07-01 03:49:21 CEST.
Flavor | Version | Tinstall | Tcheck | Ttotal | Status | Flags |
---|---|---|---|---|---|---|
r-devel-linux-x86_64-debian-clang | 0.1.0 | 7.30 | 73.99 | 81.29 | NOTE | |
r-devel-linux-x86_64-debian-gcc | 0.1.0 | 5.73 | 54.87 | 60.60 | NOTE | |
r-devel-linux-x86_64-fedora-clang | 0.1.0 | 101.78 | NOTE | |||
r-devel-linux-x86_64-fedora-gcc | 0.1.0 | 96.48 | NOTE | |||
r-devel-windows-x86_64 | 0.1.0 | 7.00 | 66.00 | 73.00 | NOTE | |
r-patched-linux-x86_64 | 0.1.0 | 7.70 | 70.82 | 78.52 | NOTE | |
r-release-linux-x86_64 | 0.1.0 | 6.52 | 70.52 | 77.04 | NOTE | |
r-release-macos-arm64 | 0.1.0 | 30.00 | NOTE | |||
r-release-macos-x86_64 | 0.1.0 | 67.00 | NOTE | |||
r-release-windows-x86_64 | 0.1.0 | 7.00 | 67.00 | 74.00 | NOTE | |
r-oldrel-macos-arm64 | 0.1.0 | 35.00 | NOTE | |||
r-oldrel-macos-x86_64 | 0.1.0 | 54.00 | NOTE | |||
r-oldrel-windows-x86_64 | 0.1.0 | 10.00 | 81.00 | 91.00 | NOTE |
Version: 0.1.0
Check: LazyData
Result: NOTE
'LazyData' is specified without a 'data' directory
Flavors: r-devel-linux-x86_64-debian-clang, r-devel-linux-x86_64-debian-gcc, r-devel-linux-x86_64-fedora-clang, r-devel-linux-x86_64-fedora-gcc, r-devel-windows-x86_64, r-patched-linux-x86_64, r-release-linux-x86_64, r-release-macos-arm64, r-release-macos-x86_64, r-release-windows-x86_64, r-oldrel-macos-arm64, r-oldrel-macos-x86_64, r-oldrel-windows-x86_64